{"id":13,"date":"2012-03-21T16:12:38","date_gmt":"2012-03-21T16:12:38","guid":{"rendered":"http:\/\/blog.cofan.es\/master\/?page_id=10"},"modified":"2016-12-30T11:27:11","modified_gmt":"2016-12-30T11:27:11","slug":"empresa","status":"publish","type":"page","link":"https:\/\/blog.cofan.es\/shermacon\/empresa\/","title":{"rendered":"Empresa"},"content":{"rendered":"<div class=\"wpb-content-wrapper\"><p>[vc_row css_animation=&#8221;&#8221; row_type=&#8221;row&#8221; use_row_as_full_screen_section=&#8221;no&#8221; type=&#8221;full_width&#8221; angled_section=&#8221;no&#8221; text_align=&#8221;left&#8221; background_image_as_pattern=&#8221;without_pattern&#8221;][vc_column][vc_row_inner row_type=&#8221;row&#8221; type=&#8221;full_width&#8221; text_align=&#8221;left&#8221; css_animation=&#8221;&#8221;][vc_column_inner width=&#8221;1\/2&#8243;][vc_column_text]<span style=\"color: #000000;\"><strong>SHERMACON, S.A.<\/strong> es una empresa fundada en 1988 dedicada a la venta, alquiler y suministro de maquinaria, herramientas y ferreter\u00eda.<\/span><\/p>\n<p><span style=\"color: #000000;\">Desde su fundaci\u00f3n nuestro objetivo ha sido la seriedad en el servicio, asesoramiento y puesta en obra de los materiales suministrados, todo ello con el respaldo de los servicios t\u00e9cnicos de nuestros proveedores.<\/span><\/p>\n<p><span style=\"color: #000000;\">Siempre nos hemos caracterizado por trabajar las mejores marcas del mercado, lo que nos llevado a ser distribuidores oficiales de la mayor\u00eda de ellas.<\/span>[\/vc_column_text][\/vc_column_inner][vc_column_inner width=&#8221;1\/2&#8243;][vc_column_text]<\/p>\n<p style=\"text-align: center;\"><img loading=\"lazy\" decoding=\"async\" class=\"alignnone size-full wp-image-181\" src=\"\/wp-content\/uploads\/sites\/65\/2012\/03\/img-empresa1.jpg\" alt=\"img-empresa\" width=\"280\" height=\"157\" \/><\/p>\n<p>[\/vc_column_text][\/vc_column_inner][\/vc_row_inner][vc_column_text css=&#8221;.vc_custom_1483097227387{margin-top: 30px !important;margin-bottom: 30px !important;}&#8221;]<span style=\"color: #000000;\"><strong>SHERMACON, S.A.<\/strong> gracias al apoyo de clientes, proveedores y colaboradores hemos conseguido ser una empresa con m\u00e1s de 25 a\u00f1os de experiencia en el sector, dedicada a la venta y suministro de maquinaria y herramienta de construcci\u00f3n.<\/span><br \/>\n<span style=\"color: #000000;\">Nos encontramos situados en Collado Villalba, centro del comercio de la sierra de Madrid, lo que nos permite cubrir con nuestros medios toda la provincia de Madrid as\u00ed como las lim\u00edtrofes, \u00c1vila Y Segovia.<\/span>[\/vc_column_text][vc_empty_space height=&#8221;15px&#8221;][\/vc_column][vc_column][vc_column_text]<iframe loading=\"lazy\" style=\"border: 0;\" src=\"https:\/\/www.google.com\/maps\/embed?pb=!1m0!3m2!1ses!2ses!4v1445861200984!6m8!1m7!1svfyv4iR2_crMwMdP1Mxc9A!2m2!1d40.6251471!2d-4.026089!3f114.7083107139006!4f-3.546173895091272!5f0.7820865974627469\" width=\"100%\" height=\"300\" frameborder=\"0\" allowfullscreen=\"allowfullscreen\"><\/iframe>[\/vc_column_text][\/vc_column][\/vc_row]<\/p>\n<\/div>","protected":false},"excerpt":{"rendered":"<p>[vc_row css_animation=&#8221;&#8221; row_type=&#8221;row&#8221; use_row_as_full_screen_section=&#8221;no&#8221; type=&#8221;full_width&#8221; angled_section=&#8221;no&#8221; text_align=&#8221;left&#8221; background_image_as_pattern=&#8221;without_pattern&#8221;][vc_column][vc_row_inner row_type=&#8221;row&#8221; type=&#8221;full_width&#8221; text_align=&#8221;left&#8221; css_animation=&#8221;&#8221;][vc_column_inner width=&#8221;1\/2&#8243;][vc_column_text]SHERMACON, S.A. es una empresa fundada en 1988 dedicada a la venta, alquiler y suministro de maquinaria, herramientas y ferreter\u00eda. Desde su fundaci\u00f3n nuestro objetivo ha sido la seriedad en el servicio, asesoramiento&#8230;<\/p>\n","protected":false},"author":1,"featured_media":0,"parent":0,"menu_order":0,"comment_status":"closed","ping_status":"closed","template":"","meta":{"footnotes":""},"class_list":["post-13","page","type-page","status-publish","hentry"],"_links":{"self":[{"href":"https:\/\/blog.cofan.es\/shermacon\/wp-json\/wp\/v2\/pages\/13","targetHints":{"allow":["GET"]}}],"collection":[{"href":"https:\/\/blog.cofan.es\/shermacon\/wp-json\/wp\/v2\/pages"}],"about":[{"href":"https:\/\/blog.cofan.es\/shermacon\/wp-json\/wp\/v2\/types\/page"}],"author":[{"embeddable":true,"href":"https:\/\/blog.cofan.es\/shermacon\/wp-json\/wp\/v2\/users\/1"}],"replies":[{"embeddable":true,"href":"https:\/\/blog.cofan.es\/shermacon\/wp-json\/wp\/v2\/comments?post=13"}],"version-history":[{"count":6,"href":"https:\/\/blog.cofan.es\/shermacon\/wp-json\/wp\/v2\/pages\/13\/revisions"}],"predecessor-version":[{"id":201,"href":"https:\/\/blog.cofan.es\/shermacon\/wp-json\/wp\/v2\/pages\/13\/revisions\/201"}],"wp:attachment":[{"href":"https:\/\/blog.cofan.es\/shermacon\/wp-json\/wp\/v2\/media?parent=13"}],"curies":[{"name":"wp","href":"https:\/\/api.w.org\/{rel}","templated":true}]}}