{"id":5,"date":"2012-03-21T16:10:33","date_gmt":"2012-03-21T16:10:33","guid":{"rendered":"http:\/\/blog.cofan.es\/master\/?page_id=5"},"modified":"2024-09-04T13:37:26","modified_gmt":"2024-09-04T13:37:26","slug":"inicio","status":"publish","type":"page","link":"https:\/\/blog.cofan.es\/lossantos2006\/","title":{"rendered":"Inicio"},"content":{"rendered":"<div class=\"wpb-content-wrapper\"><p>[vc_row css_animation=&#8221;&#8221; row_type=&#8221;row&#8221; use_row_as_full_screen_section=&#8221;no&#8221; type=&#8221;full_width&#8221; angled_section=&#8221;no&#8221; text_align=&#8221;left&#8221; background_image_as_pattern=&#8221;without_pattern&#8221;][vc_column][vc_column_text]<a href=\"\/wp-content\/uploads\/sites\/26\/2012\/03\/lossantos.jpg\"><img loading=\"lazy\" decoding=\"async\" class=\"alignnone size-full wp-image-544\" src=\"\/wp-content\/uploads\/sites\/26\/2012\/03\/lossantos.jpg\" alt=\"lossantos\" width=\"1200\" height=\"815\" srcset=\"https:\/\/blog.cofan.es\/lossantos2006\/wp-content\/uploads\/sites\/26\/2012\/03\/lossantos.jpg 1200w, https:\/\/blog.cofan.es\/lossantos2006\/wp-content\/uploads\/sites\/26\/2012\/03\/lossantos-300x204.jpg 300w, https:\/\/blog.cofan.es\/lossantos2006\/wp-content\/uploads\/sites\/26\/2012\/03\/lossantos-768x522.jpg 768w, https:\/\/blog.cofan.es\/lossantos2006\/wp-content\/uploads\/sites\/26\/2012\/03\/lossantos-1024x695.jpg 1024w, https:\/\/blog.cofan.es\/lossantos2006\/wp-content\/uploads\/sites\/26\/2012\/03\/lossantos-930x632.jpg 930w\" sizes=\"auto, (max-width: 1200px) 100vw, 1200px\" \/><\/a><\/p>\n<p>[\/vc_column_text][vc_column_text css=&#8221;.vc_custom_1482922071324{margin-top: 20px !important;}&#8221;]<span style=\"color: #000000;\">Empresa dedicada al sector agr\u00edcola con amplia experiencia en reparaci\u00f3n de maquinaria agr\u00edcola,<strong>carpinter\u00eda y estructura met\u00e1lica<\/strong>, <strong>montajes de sistemas de riego<\/strong>, y por \u00faltimo para completar el m\u00e1ximo servicio a nuestro mayor cliente \u201cel agricultor\u201d, se dispone de un amplio Repuesto Agr\u00edcola Industrial.<\/span><\/p>\n<p><span style=\"color: #000000;\">Todos los servicios agrupados en las mismas instalaciones, 1000 metros cuadrados en el Pol\u00edgono Industrial Chac\u00f3n de Fuente Palmera (C\u00f3rdoba).<\/span>[\/vc_column_text][\/vc_column][\/vc_row][vc_row css_animation=&#8221;&#8221; row_type=&#8221;row&#8221; use_row_as_full_screen_section=&#8221;no&#8221; type=&#8221;full_width&#8221; angled_section=&#8221;no&#8221; text_align=&#8221;left&#8221; background_image_as_pattern=&#8221;without_pattern&#8221; css=&#8221;.vc_custom_1482922086611{margin-top: 20px !important;}&#8221;][vc_column width=&#8221;1\/2&#8243;][vc_column_text]<\/p>\n<p style=\"text-align: center;\"><a href=\"http:\/\/www.google.es\"><img loading=\"lazy\" decoding=\"async\" class=\"alignnone size-full wp-image-485\" src=\"\/wp-content\/uploads\/sites\/26\/2012\/03\/google1.jpg\" alt=\"google1\" width=\"300\" height=\"100\" \/><\/a><\/p>\n<p>[\/vc_column_text][\/vc_column][vc_column width=&#8221;1\/2&#8243;][vc_column_text]<a href=\"http:\/\/www.eltiempo.es\/fuente-palmera.html\"><img loading=\"lazy\" decoding=\"async\" class=\"size-full wp-image-486 aligncenter\" src=\"\/wp-content\/uploads\/sites\/26\/2012\/03\/eltiempofuentepalmera.png\" alt=\"eltiempofuentepalmera\" width=\"300\" height=\"100\" \/><\/a>[\/vc_column_text][\/vc_column][\/vc_row][vc_row css_animation=&#8221;&#8221; row_type=&#8221;row&#8221; use_row_as_full_screen_section=&#8221;no&#8221; type=&#8221;full_width&#8221; angled_section=&#8221;no&#8221; text_align=&#8221;left&#8221; background_image_as_pattern=&#8221;without_pattern&#8221;][vc_column][vc_empty_space height=&#8221;30px&#8221;][vc_column_text css=&#8221;&#8221;]<a href=\"https:\/\/www.cofan.es\/es\/privatearea\/login\/fvjgunwg8\/\" target=\"_blank\" rel=\"noopener nopeener\"><img loading=\"lazy\" decoding=\"async\" class=\"aligncenter size-full wp-image-634\" src=\"\/wp-content\/uploads\/sites\/26\/2024\/09\/banner-cofan-nuevo.jpg\" alt=\"\" width=\"1200\" height=\"200\" \/><\/a>[\/vc_column_text][\/vc_column][\/vc_row]<\/p>\n<\/div>","protected":false},"excerpt":{"rendered":"<p>[vc_row css_animation=&#8221;&#8221; row_type=&#8221;row&#8221; use_row_as_full_screen_section=&#8221;no&#8221; type=&#8221;full_width&#8221; angled_section=&#8221;no&#8221; text_align=&#8221;left&#8221; background_image_as_pattern=&#8221;without_pattern&#8221;][vc_column][vc_column_text] [\/vc_column_text][vc_column_text css=&#8221;.vc_custom_1482922071324{margin-top: 20px !important;}&#8221;]Empresa dedicada al sector agr\u00edcola con amplia experiencia en reparaci\u00f3n de maquinaria agr\u00edcola,carpinter\u00eda y estructura met\u00e1lica, montajes de sistemas de riego, y por \u00faltimo para completar el m\u00e1ximo servicio a nuestro mayor cliente \u201cel&#8230;<\/p>\n","protected":false},"author":1,"featured_media":0,"parent":0,"menu_order":0,"comment_status":"closed","ping_status":"closed","template":"","meta":{"footnotes":""},"class_list":["post-5","page","type-page","status-publish","hentry"],"_links":{"self":[{"href":"https:\/\/blog.cofan.es\/lossantos2006\/wp-json\/wp\/v2\/pages\/5","targetHints":{"allow":["GET"]}}],"collection":[{"href":"https:\/\/blog.cofan.es\/lossantos2006\/wp-json\/wp\/v2\/pages"}],"about":[{"href":"https:\/\/blog.cofan.es\/lossantos2006\/wp-json\/wp\/v2\/types\/page"}],"author":[{"embeddable":true,"href":"https:\/\/blog.cofan.es\/lossantos2006\/wp-json\/wp\/v2\/users\/1"}],"replies":[{"embeddable":true,"href":"https:\/\/blog.cofan.es\/lossantos2006\/wp-json\/wp\/v2\/comments?post=5"}],"version-history":[{"count":9,"href":"https:\/\/blog.cofan.es\/lossantos2006\/wp-json\/wp\/v2\/pages\/5\/revisions"}],"predecessor-version":[{"id":635,"href":"https:\/\/blog.cofan.es\/lossantos2006\/wp-json\/wp\/v2\/pages\/5\/revisions\/635"}],"wp:attachment":[{"href":"https:\/\/blog.cofan.es\/lossantos2006\/wp-json\/wp\/v2\/media?parent=5"}],"curies":[{"name":"wp","href":"https:\/\/api.w.org\/{rel}","templated":true}]}}