{"id":9,"date":"2014-09-30T14:13:26","date_gmt":"2014-09-30T14:13:26","guid":{"rendered":"http:\/\/blog.cofan.es\/la-biela-es\/?page_id=9"},"modified":"2024-09-05T15:29:26","modified_gmt":"2024-09-05T15:29:26","slug":"inicio","status":"publish","type":"page","link":"https:\/\/blog.cofan.es\/labiela\/","title":{"rendered":"Inicio"},"content":{"rendered":"<div class=\"wpb-content-wrapper\"><p>[vc_row css_animation=&#8221;&#8221; row_type=&#8221;row&#8221; use_row_as_full_screen_section=&#8221;yes&#8221; type=&#8221;full_width&#8221; angled_section=&#8221;no&#8221; text_align=&#8221;center&#8221; background_image_as_pattern=&#8221;without_pattern&#8221;][vc_column][rev_slider_vc alias=&#8221;slider1&#8243;][\/vc_column][\/vc_row][vc_row css_animation=&#8221;&#8221; row_type=&#8221;row&#8221; use_row_as_full_screen_section=&#8221;no&#8221; type=&#8221;full_width&#8221; angled_section=&#8221;no&#8221; text_align=&#8221;left&#8221; background_image_as_pattern=&#8221;without_pattern&#8221; css=&#8221;.vc_custom_1482226194165{padding-top: 30px !important;}&#8221;][vc_column][vc_column_text]<\/p>\n<h2><span style=\"color: #123c5e;\">\u00a1BIENVENIDOS A NUESTRA NUEVA P\u00c1GINA WEB!<\/span><\/h2>\n<p>[\/vc_column_text][vc_row_inner row_type=&#8221;row&#8221; type=&#8221;full_width&#8221; text_align=&#8221;left&#8221; css_animation=&#8221;&#8221; css=&#8221;.vc_custom_1482226255561{padding-top: 20px !important;}&#8221;][vc_column_inner width=&#8221;1\/4&#8243;][vc_column_text]<\/p>\n<p style=\"text-align: center;\"><img loading=\"lazy\" decoding=\"async\" class=\"alignnone size-full wp-image-596\" src=\"\/wp-content\/uploads\/sites\/101\/2014\/09\/thumb_web.jpg\" alt=\"thumb_web\" width=\"300\" height=\"230\" \/><\/p>\n<p>[\/vc_column_text][vc_empty_space height=&#8221;10px&#8221;][\/vc_column_inner][vc_column_inner width=&#8221;3\/4&#8243;][vc_column_text css=&#8221;.vc_custom_1482226652072{padding-top: 50px !important;}&#8221;]<\/p>\n<p class=\"textoHome\"><span style=\"color: #000000;\">Bienvenidos a<\/span> <span style=\"color: #e8453c;\"><strong>Autorecambios La Biela<\/strong>.<\/span> <span style=\"color: #000000;\">Despu\u00e9s de mucho tiempo trabajando, lanzamos nuestra nueva p\u00e1gina web. Desde aqu\u00ed podr\u00e9is seguir todas nuestras novedades, productos en promoci\u00f3n y todas aquellas noticias referentes al sector.<\/span><\/p>\n<p class=\"textoHome\"><span style=\"color: #000000;\">Para quien no nos conozca, estamos situados en La L\u00ednea de la Concepci\u00f3n, C\u00e1diz.<\/span><\/p>\n<p class=\"textoHome\"><span style=\"color: #000000;\">En<\/span> <span style=\"color: #e8453c;\"><strong>Autorecambios La Biela<\/strong><\/span><span style=\"color: #000000;\">,<\/span> <span style=\"color: #000000;\">llevamos desde 2007 dando servicio al profesional de la zona.<\/span><\/p>\n<p>[\/vc_column_text][vc_empty_space height=&#8221;10px&#8221;][\/vc_column_inner][\/vc_row_inner][\/vc_column][\/vc_row][vc_row css_animation=&#8221;&#8221; row_type=&#8221;row&#8221; use_row_as_full_screen_section=&#8221;no&#8221; type=&#8221;full_width&#8221; angled_section=&#8221;no&#8221; text_align=&#8221;left&#8221; background_image_as_pattern=&#8221;without_pattern&#8221;][vc_column][vc_row_inner row_type=&#8221;row&#8221; type=&#8221;full_width&#8221; text_align=&#8221;left&#8221; css_animation=&#8221;&#8221; css=&#8221;.vc_custom_1482226266702{padding-top: 30px !important;}&#8221;][vc_column_inner width=&#8221;1\/2&#8243;][vc_column_text]<\/p>\n<h2><span style=\"color: #123c5e;\"><a style=\"color: #123c5e;\" href=\"https:\/\/www.cofan.es\/es\/privatearea\/login\/08wh4wlus\/\">COMPRA ONLINE COFAN<\/a><\/span><\/h2>\n<p>[\/vc_column_text][vc_column_text css=&#8221;.vc_custom_1725550021672{padding-top: 20px !important;}&#8221;]<\/p>\n<p style=\"text-align: center;\"><a href=\"https:\/\/www.cofan.es\/es\/privatearea\/login\/08wh4wlus\/\"><img decoding=\"async\" class=\"alignnone size-full wp-image-597\" src=\"\/wp-content\/uploads\/sites\/101\/2024\/09\/COMPRA-ONLINE-COFAN_230X161.jpg\" alt=\"compra_online_cofan\" \/><\/a><\/p>\n<p>[\/vc_column_text][vc_empty_space][vc_column_text]<span style=\"color: #000000;\">Compra productos de alta calidad de la marca Cofan a trav\u00e9s de nuestra web. Reg\u00edstrate y comienza a comprar.. \u00a1as\u00ed de f\u00e1cil! [\u2026]<\/span>[\/vc_column_text][vc_empty_space height=&#8221;10px&#8221;][\/vc_column_inner][vc_column_inner width=&#8221;1\/2&#8243;][vc_column_text css=&#8221;.vc_custom_1482226593887{padding-bottom: 20px !important;}&#8221;]<\/p>\n<h2><span style=\"color: #123c5e;\"><a style=\"color: #123c5e;\" href=\"\/catalogos\/\">CAT\u00c1LOGOS<\/a><\/span><\/h2>\n<p>[\/vc_column_text][vc_column_text css=&#8221;&#8221;]<\/p>\n<p style=\"text-align: center;\"><a href=\"\/catalogos\/\"><img decoding=\"async\" class=\"alignnone size-full wp-image-598\" src=\"\/wp-content\/uploads\/sites\/101\/2024\/09\/Nuestros-catalogos_230x161px.jpg\" alt=\"catalogos\" \/><\/a><\/p>\n<p>[\/vc_column_text][vc_empty_space][vc_column_text]<span style=\"color: #000000;\">Descarga en nuestra secci\u00f3n de cat\u00e1logos todos los pdf con todos lo productos, ofertas y promociones categorizados en las distintas familias. [\u2026]<\/span>[\/vc_column_text][vc_empty_space height=&#8221;10px&#8221;][\/vc_column_inner][\/vc_row_inner][\/vc_column][\/vc_row][vc_row css_animation=&#8221;&#8221; row_type=&#8221;row&#8221; use_row_as_full_screen_section=&#8221;no&#8221; type=&#8221;full_width&#8221; angled_section=&#8221;no&#8221; text_align=&#8221;left&#8221; background_image_as_pattern=&#8221;without_pattern&#8221;][vc_column][vc_column_text css=&#8221;.vc_custom_1725550162895{margin-top: 40px !important;margin-bottom: 40px !important;}&#8221;]<a href=\"https:\/\/www.cofan.es\/es\/privatearea\/login\/08wh4wlus\/\" target=\"_blank\" rel=\"noopener\"><br \/>\n<img loading=\"lazy\" decoding=\"async\" class=\"aligncenter size-full\" src=\"\/wp-content\/uploads\/sites\/101\/2024\/09\/banner-cofan-nuevo.jpg\" alt=\"Compra Online Cofan\" width=\"1200\" height=\"200\" \/><br \/>\n<\/a>[\/vc_column_text][\/vc_column][\/vc_row]<\/p>\n<\/div>","protected":false},"excerpt":{"rendered":"<p>[vc_row css_animation=&#8221;&#8221; row_type=&#8221;row&#8221; use_row_as_full_screen_section=&#8221;yes&#8221; type=&#8221;full_width&#8221; angled_section=&#8221;no&#8221; text_align=&#8221;center&#8221; background_image_as_pattern=&#8221;without_pattern&#8221;][vc_column][rev_slider_vc alias=&#8221;slider1&#8243;][\/vc_column][\/vc_row][vc_row css_animation=&#8221;&#8221; row_type=&#8221;row&#8221; use_row_as_full_screen_section=&#8221;no&#8221; type=&#8221;full_width&#8221; angled_section=&#8221;no&#8221; text_align=&#8221;left&#8221; background_image_as_pattern=&#8221;without_pattern&#8221; css=&#8221;.vc_custom_1482226194165{padding-top: 30px !important;}&#8221;][vc_column][vc_column_text] \u00a1BIENVENIDOS A NUESTRA NUEVA P\u00c1GINA WEB! [\/vc_column_text][vc_row_inner row_type=&#8221;row&#8221; type=&#8221;full_width&#8221; text_align=&#8221;left&#8221; css_animation=&#8221;&#8221; css=&#8221;.vc_custom_1482226255561{padding-top: 20px !important;}&#8221;][vc_column_inner width=&#8221;1\/4&#8243;][vc_column_text] [\/vc_column_text][vc_empty_space height=&#8221;10px&#8221;][\/vc_column_inner][vc_column_inner width=&#8221;3\/4&#8243;][vc_column_text css=&#8221;.vc_custom_1482226652072{padding-top: 50px !important;}&#8221;] Bienvenidos a Autorecambios La Biela&#8230;.<\/p>\n","protected":false},"author":6,"featured_media":0,"parent":0,"menu_order":0,"comment_status":"closed","ping_status":"closed","template":"","meta":{"footnotes":""},"class_list":["post-9","page","type-page","status-publish","hentry"],"_links":{"self":[{"href":"https:\/\/blog.cofan.es\/labiela\/wp-json\/wp\/v2\/pages\/9","targetHints":{"allow":["GET"]}}],"collection":[{"href":"https:\/\/blog.cofan.es\/labiela\/wp-json\/wp\/v2\/pages"}],"about":[{"href":"https:\/\/blog.cofan.es\/labiela\/wp-json\/wp\/v2\/types\/page"}],"author":[{"embeddable":true,"href":"https:\/\/blog.cofan.es\/labiela\/wp-json\/wp\/v2\/users\/6"}],"replies":[{"embeddable":true,"href":"https:\/\/blog.cofan.es\/labiela\/wp-json\/wp\/v2\/comments?post=9"}],"version-history":[{"count":30,"href":"https:\/\/blog.cofan.es\/labiela\/wp-json\/wp\/v2\/pages\/9\/revisions"}],"predecessor-version":[{"id":718,"href":"https:\/\/blog.cofan.es\/labiela\/wp-json\/wp\/v2\/pages\/9\/revisions\/718"}],"wp:attachment":[{"href":"https:\/\/blog.cofan.es\/labiela\/wp-json\/wp\/v2\/media?parent=9"}],"curies":[{"name":"wp","href":"https:\/\/api.w.org\/{rel}","templated":true}]}}