{"id":76,"date":"2014-10-29T12:23:20","date_gmt":"2014-10-29T12:23:20","guid":{"rendered":"http:\/\/blog.cofan.es\/ferreteriahnoscarmona-es\/?page_id=76"},"modified":"2016-12-22T15:53:20","modified_gmt":"2016-12-22T15:53:20","slug":"productos","status":"publish","type":"page","link":"https:\/\/blog.cofan.es\/hermanoscarmona\/productos\/","title":{"rendered":"Productos"},"content":{"rendered":"<div class=\"wpb-content-wrapper\"><p>[vc_row css_animation=&#8221;&#8221; row_type=&#8221;row&#8221; use_row_as_full_screen_section=&#8221;no&#8221; type=&#8221;full_width&#8221; angled_section=&#8221;no&#8221; text_align=&#8221;left&#8221; background_image_as_pattern=&#8221;without_pattern&#8221;][vc_column][vc_column_text]<span style=\"color: #000000;\">Ferreter\u00eda Hnos. Carmona pone a tu disposici\u00f3n una gran variedad de productos para satisfacer todas tus necesidades: Ferreter\u00eda, piensos, jardiner\u00eda, riegos, fontaner\u00eda, electricidad y droguer\u00eda.<\/span><\/p>\n<p><span style=\"color: #000000;\">Trabajamos con las mejores marcas del sector. Una gran variedad de productos para satisfacer todas tus necesidades.<\/span><\/p>\n<p><span style=\"color: #000000;\">M\u00e1s de 15 familias de productos, agrupando los cat\u00e1logos de Herramienta Manual; Herramienta Neum\u00e1tica; Equipamiento de Seguridad; Abrasivo, Corte y Taladro, Fijaci\u00f3n, Engrase, Cable, Cadena y Cordeler\u00eda; Pintura, Qu\u00edmicos Y Adhesivos; Material El\u00e9ctrico, Agricultura y Jardiner\u00eda; y Autoservicio.<\/span>[\/vc_column_text][vc_row_inner row_type=&#8221;row&#8221; type=&#8221;full_width&#8221; text_align=&#8221;left&#8221; css_animation=&#8221;&#8221; css=&#8221;.vc_custom_1482421616588{margin-top: 30px !important;}&#8221;][vc_column_inner width=&#8221;1\/3&#8243;][vc_column_text]<\/p>\n<h4 style=\"text-align: center;\"><span style=\"color: #000000;\">Toldos<\/span><\/h4>\n<p>[\/vc_column_text][vc_column_text css=&#8221;.vc_custom_1482421788599{padding-top: 15px !important;}&#8221;]<\/p>\n<p style=\"text-align: center;\">Toldos en varios colores, de rafia Extra, ca\u00f1izo, brezo, bamb\u00fa, pl\u00e1stico, [&#8230;]<\/p>\n<p>[\/vc_column_text][vc_column_text]<\/p>\n<p style=\"text-align: center;\"><img loading=\"lazy\" decoding=\"async\" class=\"alignnone wp-image-303\" src=\"\/wp-content\/uploads\/sites\/92\/2014\/10\/toldos5.png\" alt=\"toldos5\" width=\"150\" height=\"102\" \/><\/p>\n<p>[\/vc_column_text][vc_column_text]<\/p>\n<p style=\"text-align: center;\"><img loading=\"lazy\" decoding=\"async\" class=\"alignnone wp-image-304\" src=\"\/wp-content\/uploads\/sites\/92\/2014\/10\/toldos3.png\" alt=\"toldos3\" width=\"150\" height=\"102\" \/><\/p>\n<p>[\/vc_column_text][vc_column_text]<\/p>\n<p style=\"text-align: center;\"><img loading=\"lazy\" decoding=\"async\" class=\"alignnone wp-image-306\" src=\"\/wp-content\/uploads\/sites\/92\/2014\/10\/toldos2.png\" alt=\"toldos2\" width=\"150\" height=\"102\" \/><\/p>\n<p>[\/vc_column_text][vc_column_text]<\/p>\n<p style=\"text-align: center;\"><img loading=\"lazy\" decoding=\"async\" class=\"alignnone wp-image-305\" src=\"\/wp-content\/uploads\/sites\/92\/2014\/10\/toldos4.png\" alt=\"toldos4\" width=\"150\" height=\"102\" \/><\/p>\n<p>[\/vc_column_text][vc_column_text]<\/p>\n<p style=\"text-align: center;\"><img loading=\"lazy\" decoding=\"async\" class=\"alignnone wp-image-307\" src=\"\/wp-content\/uploads\/sites\/92\/2014\/10\/toldos.png\" alt=\"toldos\" width=\"150\" height=\"102\" \/><\/p>\n<p>[\/vc_column_text][vc_empty_space height=&#8221;10px&#8221;][\/vc_column_inner][vc_column_inner width=&#8221;1\/3&#8243;][vc_column_text]<\/p>\n<h4 style=\"text-align: center;\"><span style=\"color: #000000;\">Pulverizadores y Conectores<\/span><\/h4>\n<p>[\/vc_column_text][vc_column_text css=&#8221;.vc_custom_1482421802970{padding-top: 15px !important;}&#8221;]<\/p>\n<p style=\"text-align: center;\">Pulverizadores de 12 y 18 litros, conectores r\u00e1pidos para mangueras, [&#8230;]<\/p>\n<p>[\/vc_column_text][vc_column_text]<\/p>\n<p style=\"text-align: center;\"><img loading=\"lazy\" decoding=\"async\" class=\"alignnone wp-image-308\" src=\"\/wp-content\/uploads\/sites\/92\/2014\/10\/pulverizadores5.png\" alt=\"pulverizadores5\" width=\"150\" height=\"102\" \/><\/p>\n<p>[\/vc_column_text][vc_column_text]<\/p>\n<p style=\"text-align: center;\"><img loading=\"lazy\" decoding=\"async\" class=\"alignnone wp-image-309\" src=\"\/wp-content\/uploads\/sites\/92\/2014\/10\/pulverizadores3.png\" alt=\"pulverizadores3\" width=\"150\" height=\"102\" \/><\/p>\n<p>[\/vc_column_text][vc_column_text]<\/p>\n<p style=\"text-align: center;\"><img loading=\"lazy\" decoding=\"async\" class=\"alignnone wp-image-310\" src=\"\/wp-content\/uploads\/sites\/92\/2014\/10\/pulverizadores1.png\" alt=\"pulverizadores1\" width=\"150\" height=\"102\" \/><\/p>\n<p>[\/vc_column_text][vc_column_text]<\/p>\n<p style=\"text-align: center;\"><img loading=\"lazy\" decoding=\"async\" class=\"alignnone wp-image-311\" src=\"\/wp-content\/uploads\/sites\/92\/2014\/10\/pulverizadores2.png\" alt=\"pulverizadores2\" width=\"150\" height=\"102\" \/><\/p>\n<p>[\/vc_column_text][vc_column_text]<\/p>\n<p style=\"text-align: center;\"><img loading=\"lazy\" decoding=\"async\" class=\"alignnone wp-image-312\" src=\"\/wp-content\/uploads\/sites\/92\/2014\/10\/pulverizadores4.png\" alt=\"pulverizadores4\" width=\"150\" height=\"102\" \/><\/p>\n<p>[\/vc_column_text][vc_empty_space height=&#8221;10px&#8221;][\/vc_column_inner][vc_column_inner width=&#8221;1\/3&#8243;][vc_column_text]<\/p>\n<h4 style=\"text-align: center;\"><span style=\"color: #000000;\">Produ. Clorados &#8220;Clorama&#8221;<\/span><\/h4>\n<p>[\/vc_column_text][vc_column_text css=&#8221;.vc_custom_1482421809434{padding-top: 15px !important;}&#8221;]<\/p>\n<p style=\"text-align: center;\">Clorama multifunci\u00f3n, P-Tricoloro en polvo, grano, antialgas, estabilizador, [&#8230;]<\/p>\n<p>[\/vc_column_text][vc_column_text]<\/p>\n<p style=\"text-align: center;\"><img loading=\"lazy\" decoding=\"async\" class=\"alignnone wp-image-313\" src=\"\/wp-content\/uploads\/sites\/92\/2014\/10\/pintura1.png\" alt=\"pintura1\" width=\"150\" height=\"102\" \/><\/p>\n<p>[\/vc_column_text][vc_column_text]<\/p>\n<p style=\"text-align: center;\"><img loading=\"lazy\" decoding=\"async\" class=\"alignnone wp-image-314\" src=\"\/wp-content\/uploads\/sites\/92\/2014\/10\/pintura2.png\" alt=\"pintura2\" width=\"150\" height=\"102\" \/><\/p>\n<p>[\/vc_column_text][vc_column_text]<\/p>\n<p style=\"text-align: center;\"><img loading=\"lazy\" decoding=\"async\" class=\"alignnone wp-image-315\" src=\"\/wp-content\/uploads\/sites\/92\/2014\/10\/pintura3.png\" alt=\"pintura3\" width=\"150\" height=\"102\" \/><\/p>\n<p>[\/vc_column_text][vc_empty_space height=&#8221;10px&#8221;][\/vc_column_inner][\/vc_row_inner][vc_row_inner row_type=&#8221;row&#8221; type=&#8221;full_width&#8221; text_align=&#8221;left&#8221; css_animation=&#8221;&#8221; css=&#8221;.vc_custom_1482421996850{margin-top: 20px !important;margin-bottom: 30px !important;}&#8221;][vc_column_inner width=&#8221;1\/3&#8243;][vc_column_text]<\/p>\n<h4 style=\"text-align: center;\"><span style=\"color: #000000;\">Filtros y Bombas<\/span><\/h4>\n<p>[\/vc_column_text][vc_column_text css=&#8221;.vc_custom_1482421890026{padding-top: 15px !important;}&#8221;]<\/p>\n<p style=\"text-align: center;\"><span style=\"color: #000000;\">Filtros star-plus, bombas autoaspirantes para piscinas, [&#8230;]<\/span><\/p>\n<p>[\/vc_column_text][vc_column_text]<\/p>\n<p style=\"text-align: center;\"><img loading=\"lazy\" decoding=\"async\" class=\"alignnone wp-image-317\" src=\"\/wp-content\/uploads\/sites\/92\/2014\/10\/filtros.png\" alt=\"filtros\" width=\"150\" height=\"102\" \/><\/p>\n<p>[\/vc_column_text][vc_column_text]<\/p>\n<p style=\"text-align: center;\"><img loading=\"lazy\" decoding=\"async\" class=\"alignnone wp-image-318\" src=\"\/wp-content\/uploads\/sites\/92\/2014\/10\/cosa.png\" alt=\"cosa\" width=\"150\" height=\"102\" \/><\/p>\n<p>[\/vc_column_text][\/vc_column_inner][vc_column_inner width=&#8221;1\/3&#8243;][vc_column_text]<\/p>\n<h4 style=\"text-align: center;\"><span style=\"color: #000000;\">Riego por Goteo<\/span><\/h4>\n<p>[\/vc_column_text][vc_column_text css=&#8221;.vc_custom_1482421911043{padding-top: 15px !important;}&#8221;]<\/p>\n<p style=\"text-align: center;\"><span style=\"color: #000000;\">Toda clase de accesorios para riego por goteo [&#8230;]<\/span><\/p>\n<p>[\/vc_column_text][vc_column_text]<\/p>\n<p style=\"text-align: center;\"><img loading=\"lazy\" decoding=\"async\" class=\"alignnone wp-image-319\" src=\"\/wp-content\/uploads\/sites\/92\/2014\/10\/riego.png\" alt=\"riego\" width=\"150\" height=\"102\" \/><\/p>\n<p>[\/vc_column_text][vc_column_text]<\/p>\n<p style=\"text-align: center;\"><img loading=\"lazy\" decoding=\"async\" class=\"alignnone wp-image-320\" src=\"\/wp-content\/uploads\/sites\/92\/2014\/10\/riego2.png\" alt=\"riego2\" width=\"150\" height=\"102\" \/><\/p>\n<p>[\/vc_column_text][\/vc_column_inner][vc_column_inner width=&#8221;1\/3&#8243;][vc_column_text]<\/p>\n<h4 style=\"text-align: center;\"><span style=\"color: #000000;\">Material de Riego<\/span><\/h4>\n<p>[\/vc_column_text][vc_column_text css=&#8221;.vc_custom_1482421918282{padding-top: 15px !important;}&#8221;]<\/p>\n<p style=\"text-align: center;\">Material de riego en polietileno, enlace reducido, codo mixto, etc. [&#8230;]<\/p>\n<p>[\/vc_column_text][vc_column_text]<\/p>\n<p style=\"text-align: center;\"><img loading=\"lazy\" decoding=\"async\" class=\"alignnone wp-image-321\" src=\"\/wp-content\/uploads\/sites\/92\/2014\/10\/6.png\" alt=\"6\" width=\"110\" height=\"75\" \/><img loading=\"lazy\" decoding=\"async\" class=\"alignnone wp-image-322\" src=\"\/wp-content\/uploads\/sites\/92\/2014\/10\/3.png\" alt=\"3\" width=\"110\" height=\"75\" \/><\/p>\n<p>[\/vc_column_text][vc_column_text]<\/p>\n<p style=\"text-align: center;\"><img loading=\"lazy\" decoding=\"async\" class=\"alignnone wp-image-323\" src=\"\/wp-content\/uploads\/sites\/92\/2014\/10\/4.png\" alt=\"4\" width=\"110\" height=\"75\" \/><img loading=\"lazy\" decoding=\"async\" class=\"alignnone wp-image-324\" src=\"\/wp-content\/uploads\/sites\/92\/2014\/10\/2.png\" alt=\"2\" width=\"110\" height=\"75\" \/><\/p>\n<p>[\/vc_column_text][vc_column_text]<\/p>\n<p style=\"text-align: center;\"><img loading=\"lazy\" decoding=\"async\" class=\"alignnone wp-image-325\" src=\"\/wp-content\/uploads\/sites\/92\/2014\/10\/1.png\" alt=\"1\" width=\"110\" height=\"75\" \/><img loading=\"lazy\" decoding=\"async\" class=\"alignnone wp-image-326\" src=\"\/wp-content\/uploads\/sites\/92\/2014\/10\/5.png\" alt=\"5\" width=\"110\" height=\"75\" \/><\/p>\n<p>[\/vc_column_text][\/vc_column_inner][\/vc_row_inner][\/vc_column][\/vc_row]<\/p>\n<\/div>","protected":false},"excerpt":{"rendered":"<p>[vc_row css_animation=&#8221;&#8221; row_type=&#8221;row&#8221; use_row_as_full_screen_section=&#8221;no&#8221; type=&#8221;full_width&#8221; angled_section=&#8221;no&#8221; text_align=&#8221;left&#8221; background_image_as_pattern=&#8221;without_pattern&#8221;][vc_column][vc_column_text]Ferreter\u00eda Hnos. Carmona pone a tu disposici\u00f3n una gran variedad de productos para satisfacer todas tus necesidades: Ferreter\u00eda, piensos, jardiner\u00eda, riegos, fontaner\u00eda, electricidad y droguer\u00eda. Trabajamos con las mejores marcas del sector. Una gran variedad de productos para&#8230;<\/p>\n","protected":false},"author":4,"featured_media":0,"parent":0,"menu_order":0,"comment_status":"closed","ping_status":"closed","template":"","meta":{"footnotes":""},"class_list":["post-76","page","type-page","status-publish","hentry"],"_links":{"self":[{"href":"https:\/\/blog.cofan.es\/hermanoscarmona\/wp-json\/wp\/v2\/pages\/76","targetHints":{"allow":["GET"]}}],"collection":[{"href":"https:\/\/blog.cofan.es\/hermanoscarmona\/wp-json\/wp\/v2\/pages"}],"about":[{"href":"https:\/\/blog.cofan.es\/hermanoscarmona\/wp-json\/wp\/v2\/types\/page"}],"author":[{"embeddable":true,"href":"https:\/\/blog.cofan.es\/hermanoscarmona\/wp-json\/wp\/v2\/users\/4"}],"replies":[{"embeddable":true,"href":"https:\/\/blog.cofan.es\/hermanoscarmona\/wp-json\/wp\/v2\/comments?post=76"}],"version-history":[{"count":8,"href":"https:\/\/blog.cofan.es\/hermanoscarmona\/wp-json\/wp\/v2\/pages\/76\/revisions"}],"predecessor-version":[{"id":388,"href":"https:\/\/blog.cofan.es\/hermanoscarmona\/wp-json\/wp\/v2\/pages\/76\/revisions\/388"}],"wp:attachment":[{"href":"https:\/\/blog.cofan.es\/hermanoscarmona\/wp-json\/wp\/v2\/media?parent=76"}],"curies":[{"name":"wp","href":"https:\/\/api.w.org\/{rel}","templated":true}]}}