{"id":14,"date":"2018-05-22T11:27:35","date_gmt":"2018-05-22T11:27:35","guid":{"rendered":"http:\/\/blog.cofan.es\/grupospehijos\/?page_id=14"},"modified":"2026-01-27T13:07:14","modified_gmt":"2026-01-27T13:07:14","slug":"quienes-somos","status":"publish","type":"page","link":"https:\/\/blog.cofan.es\/grupospehijos\/quienes-somos\/","title":{"rendered":"\u00bfQuienes somos?"},"content":{"rendered":"<div class=\"wpb-content-wrapper\"><p>[vc_row css_animation=&#8221;&#8221; row_type=&#8221;row&#8221; use_row_as_full_screen_section=&#8221;no&#8221; type=&#8221;full_width&#8221; angled_section=&#8221;no&#8221; text_align=&#8221;left&#8221; background_image_as_pattern=&#8221;without_pattern&#8221; css=&#8221;.vc_custom_1528446069411{margin-top: 40px !important;margin-bottom: 20px !important;}&#8221;][vc_column width=&#8221;1\/3&#8243;]\n\t\t\t\t<p class=\"rs-p-wp-fix\"><\/p>\n\t\t\t\t<sr7-module data-alias=\"SliderFerreteria\" data-id=\"2\" id=\"SR7_2_1\" data-version=\"6.7.51\">\n\t\t\t\t\t<sr7-adjuster><\/sr7-adjuster>\n\t\t\t\t\t<sr7-content>\n\t\t\t\t\t\t<sr7-carousel>\n\t\t\t\t\t\t<sr7-slide id=\"SR7_2_1-3\" data-key=\"3\">\n\t\t\t\t\t\t<\/sr7-slide>\n\t\t\t\t\t\t<sr7-slide id=\"SR7_2_1-4\" data-key=\"4\">\n\t\t\t\t\t\t<\/sr7-slide>\n\t\t\t\t\t\t<sr7-slide id=\"SR7_2_1-5\" data-key=\"5\">\n\t\t\t\t\t\t<\/sr7-slide>\n\t\t\t\t\t\t<sr7-slide id=\"SR7_2_1-6\" data-key=\"6\">\n\t\t\t\t\t\t<\/sr7-slide>\n\t\t\t\t\t\t<sr7-slide id=\"SR7_2_1-7\" data-key=\"7\">\n\t\t\t\t\t\t<\/sr7-slide>\n\t\t\t\t\t\t<\/sr7-carousel>\n\t\t\t\t\t<\/sr7-content>\n\t\t\t\t<\/sr7-module>\n\t\t\t\t<script>\n\t\t\t\t\twindow.SR7 ??={};SR7.PMH ??={}; SR7.PMH[\"SR7_2_1\"] = {cn:100,state:false,fn: function() { if (window._tpt!==undefined && window._tpt.prepareModuleHeight !== undefined) {  _tpt.prepareModuleHeight({id:\"SR7_2_1\",el:[],type:'carousel',shdw:'0',gh:[500],gw:[390],vpt:['-200px'],size:{fullWidth:false, fullHeight:false},mh:'0',onh:0,onw:0,bg:{color:'#111111'},carousel:{pt:'0',pb:'0'},plType:'-1',plColor:'#FFFFFF'});   SR7.PMH[\"SR7_2_1\"].state=true;} else if(SR7.PMH[\"SR7_2_1\"].cn-->0)\tsetTimeout( SR7.PMH[\"SR7_2_1\"].fn,19);}};SR7.PMH[\"SR7_2_1\" ].fn();\n\t\t\t\t<\/script>\n[\/vc_column][vc_column width=&#8221;2\/3&#8243;][vc_column_text]<\/p>\n<h2 class=\"title\" style=\"text-align: justify;\">Ferreter\u00eda Sebasti\u00e1n Perez e Hijos<\/h2>\n<div style=\"text-align: justify;\">\n<p style=\"text-align: justify;\"><strong>Ferreteria Sebastian Perez e Hijos<\/strong> trabaja con todas las primeras marcas, tanto nacionales como extranjeras, a parte de otras muchas, que sin ser grandes conocidas en el sector forman el gran complemento de la oferta del grupo. Actualmente trabajamos con 30 proveedores, y sus referencias aumentan con rapidez, siendo al d\u00eda de hoy de m\u00e1s de 7000<\/p>\n<p>Estamos constantemente ofreciendo a nuestros clientes nuevos productos. En Ferreteria Sebastian Perez e Hijos puede encontrar productos de bricolaje, bazar, hogar y menaje, electrodom\u00e9sticos, pinturas y hacemos colores, torniller\u00eda, cerrajeria, herramientas, maquinaria, calefaccion y ventilacion, jardineria, accesorios de ba\u00f1o, accesorios de caza y pesca, material electrico, fontaner\u00eda, material ganadero, puertas galvanizadas, informatica, telefonia movil, fotocopias, copia de llaves, ropa laboral, material escolar, accesorios para vehiculos agricolas e industrial, repuestos&#8230;. etc, m\u00e1s de 7000 referencias.<\/p>\n<p>Siempre con el objetivo de satisfacer las necesidades de nuestros clientes, y poder ofrecer la m\u00e1xima calidad y los mejores precios.<\/p>\n<p>Vista nuestra secci\u00f3n de Productos en Oferta, estamos constantemente lanzando promociones de nuestras productos en Oferta.<\/p>\n<\/div>\n<p>[\/vc_column_text][\/vc_column][\/vc_row][vc_row css_animation=&#8221;&#8221; row_type=&#8221;row&#8221; use_row_as_full_screen_section=&#8221;no&#8221; type=&#8221;full_width&#8221; angled_section=&#8221;no&#8221; text_align=&#8221;left&#8221; background_image_as_pattern=&#8221;without_pattern&#8221; css=&#8221;.vc_custom_1528445156438{margin-top: 80px !important;margin-bottom: 40px !important;}&#8221;][vc_column width=&#8221;1\/2&#8243;][vc_column_text]<\/p>\n<h2 class=\"title\">Materiales de Construccion SPEH<\/h2>\n<div style=\"text-align: justify;\">\n<p style=\"text-align: justify;\">Empresa dedicada a la <strong>venta de materiales de construcci\u00f3n y exposici\u00f3n de azulejos<\/strong>.<\/p>\n<p><strong>SPEH Materiales de Construcci\u00f3n<\/strong> cuenta con una importante flota de veh\u00edculos ofreciendo servicios de transportes, camiones gr\u00faa, contenedores, etc.<\/p>\n<p>Siempre con el objetivo de satisfacer las necesidades de nuestros clientes, y poder ofrecer la m\u00e1xima calidad y los mejores precios.<\/p>\n<\/div>\n<p>[\/vc_column_text][\/vc_column][vc_column width=&#8221;1\/2&#8243;]\n\t\t\t\t<p class=\"rs-p-wp-fix\"><\/p>\n\t\t\t\t<sr7-module data-alias=\"materialesdeconstruccion\" data-id=\"4\" id=\"SR7_4_2\" data-version=\"6.7.51\">\n\t\t\t\t\t<sr7-adjuster><\/sr7-adjuster>\n\t\t\t\t\t<sr7-content>\n\t\t\t\t\t\t<sr7-carousel>\n\t\t\t\t\t\t<sr7-slide id=\"SR7_4_2-10\" data-key=\"10\">\n\t\t\t\t\t\t<\/sr7-slide>\n\t\t\t\t\t\t<sr7-slide id=\"SR7_4_2-11\" data-key=\"11\">\n\t\t\t\t\t\t<\/sr7-slide>\n\t\t\t\t\t\t<sr7-slide id=\"SR7_4_2-12\" data-key=\"12\">\n\t\t\t\t\t\t<\/sr7-slide>\n\t\t\t\t\t\t<sr7-slide id=\"SR7_4_2-13\" data-key=\"13\">\n\t\t\t\t\t\t<\/sr7-slide>\n\t\t\t\t\t\t<sr7-slide id=\"SR7_4_2-14\" data-key=\"14\">\n\t\t\t\t\t\t<\/sr7-slide>\n\t\t\t\t\t\t<\/sr7-carousel>\n\t\t\t\t\t<\/sr7-content>\n\t\t\t\t<\/sr7-module>\n\t\t\t\t<script>\n\t\t\t\t\twindow.SR7 ??={};SR7.PMH ??={}; SR7.PMH[\"SR7_4_2\"] = {cn:100,state:false,fn: function() { if (window._tpt!==undefined && window._tpt.prepareModuleHeight !== undefined) {  _tpt.prepareModuleHeight({id:\"SR7_4_2\",el:[],type:'carousel',shdw:'0',gh:[332],gw:[555],vpt:['-200px'],size:{fullWidth:false, fullHeight:false},mh:'0',onh:0,onw:0,bg:{color:'transparent'},carousel:{pt:'0',pb:'0'},plType:'0',plColor:'#FFFFFF'});   SR7.PMH[\"SR7_4_2\"].state=true;} else if(SR7.PMH[\"SR7_4_2\"].cn-->0)\tsetTimeout( SR7.PMH[\"SR7_4_2\"].fn,19);}};SR7.PMH[\"SR7_4_2\" ].fn();\n\t\t\t\t<\/script>\n[\/vc_column][\/vc_row][vc_row css_animation=&#8221;&#8221; row_type=&#8221;row&#8221; use_row_as_full_screen_section=&#8221;no&#8221; type=&#8221;full_width&#8221; angled_section=&#8221;no&#8221; text_align=&#8221;left&#8221; background_image_as_pattern=&#8221;without_pattern&#8221;][vc_column][vc_column_text]<\/p>\n<p>&nbsp;<\/p>\n<p>[\/vc_column_text][\/vc_column][\/vc_row][vc_row css_animation=&#8221;&#8221; row_type=&#8221;row&#8221; use_row_as_full_screen_section=&#8221;no&#8221; type=&#8221;full_width&#8221; angled_section=&#8221;no&#8221; text_align=&#8221;left&#8221; background_image_as_pattern=&#8221;without_pattern&#8221; css=&#8221;.vc_custom_1528445286895{margin-top: 80px !important;}&#8221;][vc_column width=&#8221;1\/2&#8243;]\n\t\t\t\t<p class=\"rs-p-wp-fix\"><\/p>\n\t\t\t\t<sr7-module data-alias=\"labdanum\" data-id=\"5\" id=\"SR7_5_3\" data-version=\"6.7.51\">\n\t\t\t\t\t<sr7-adjuster><\/sr7-adjuster>\n\t\t\t\t\t<sr7-content>\n\t\t\t\t\t\t<sr7-carousel>\n\t\t\t\t\t\t<sr7-slide id=\"SR7_5_3-15\" data-key=\"15\">\n\t\t\t\t\t\t<\/sr7-slide>\n\t\t\t\t\t\t<sr7-slide id=\"SR7_5_3-16\" data-key=\"16\">\n\t\t\t\t\t\t<\/sr7-slide>\n\t\t\t\t\t\t<sr7-slide id=\"SR7_5_3-17\" data-key=\"17\">\n\t\t\t\t\t\t<\/sr7-slide>\n\t\t\t\t\t\t<sr7-slide id=\"SR7_5_3-18\" data-key=\"18\">\n\t\t\t\t\t\t<\/sr7-slide>\n\t\t\t\t\t\t<sr7-slide id=\"SR7_5_3-19\" data-key=\"19\">\n\t\t\t\t\t\t<\/sr7-slide>\n\t\t\t\t\t\t<\/sr7-carousel>\n\t\t\t\t\t<\/sr7-content>\n\t\t\t\t<\/sr7-module>\n\t\t\t\t<script>\n\t\t\t\t\twindow.SR7 ??={};SR7.PMH ??={}; SR7.PMH[\"SR7_5_3\"] = {cn:100,state:false,fn: function() { if (window._tpt!==undefined && window._tpt.prepareModuleHeight !== undefined) {  _tpt.prepareModuleHeight({id:\"SR7_5_3\",el:[],type:'carousel',shdw:'0',gh:[426],gw:[555],vpt:['-200px'],size:{fullWidth:false, fullHeight:false},mh:'0',onh:0,onw:0,bg:{color:'transparent'},carousel:{pt:'0',pb:'0'},plType:'0',plColor:'#FFFFFF'});   SR7.PMH[\"SR7_5_3\"].state=true;} else if(SR7.PMH[\"SR7_5_3\"].cn-->0)\tsetTimeout( SR7.PMH[\"SR7_5_3\"].fn,19);}};SR7.PMH[\"SR7_5_3\" ].fn();\n\t\t\t\t<\/script>\n[\/vc_column][vc_column width=&#8221;1\/2&#8243;][vc_column_text]<\/p>\n<h2 class=\"title\">Labdanum SPEH (Citus Ladaniferus, extracto)\u00a0<b>Goma y Esencias<\/b><\/h2>\n<p>La<strong>\u00a0empresa SPEH<\/strong>\u00a0nace con la idea de su fundador<strong>\u00a0Sebasti\u00e1n Perez Infante<\/strong>, cuando solo era un ni\u00f1o y ve\u00eda como su padre se dedicaba a comprar el producto a la gente que antiguamente se dedicaba a hacer el producto en el campo, pasaron los a\u00f1os y su padre le dej\u00f3 el cargo a Sebasti\u00e1n, \u00e9l sigui\u00f3 siempre con la comra de este producto y pasaron los a\u00f1os y las cosas no se pusieron nada buenas con el tema de medio ambiente y el da\u00f1o que podia hacer este producto en la naturaleza y a Sebasti\u00e1n se le ocurrio la idea de que para aprovechar los recursos naturales de la zona de nuestra comarca tenia que montar una f\u00e1brica y asi no contaminar ni la naturaleza ni el medio ambiente, entonces en 2007 decidio montar su f\u00e1brica, y a d\u00eda de hoy nuestros proveedores est\u00e1n muy contentos con el producto el cual trabajamos, <strong>la\u00a0elaboraci\u00f3n de la goma labdanum y esencia de jara<\/strong>, siempre introduciendo un proceso continuo de control y homogeneidad[\/vc_column_text][\/vc_column][\/vc_row][vc_row css_animation=&#8221;&#8221; row_type=&#8221;row&#8221; use_row_as_full_screen_section=&#8221;no&#8221; type=&#8221;full_width&#8221; angled_section=&#8221;no&#8221; text_align=&#8221;left&#8221; background_image_as_pattern=&#8221;without_pattern&#8221; css=&#8221;.vc_custom_1527231259101{margin-top: 40px !important;margin-bottom: 40px !important;}&#8221;][vc_column][vc_column_text]La empresa apost\u00f3 por este proyecto y se plantea seguir con nuevos proyectos, para la destilaci\u00f3n de las plantas arom\u00e1ticas.<\/p>\n<p>Trabajamos siempre de una forma controlada con el entorno de la naturaleza y el respeto del medio ambiente.\u00a0Tambi\u00e9n diponemos de Ficha T\u00e9cnica y de Seguridad de nuestro producto.<\/p>\n<p><strong>Descripci\u00f3n:<\/strong> goma de aspecto semi-solido con color marron oscuro y olor fuerte, bals\u00e1mico, herb\u00e1ceo, amaderado.<br \/>\n<strong>Florece:<\/strong> como la esencia del cistus, desde abril a Junio.<br \/>\n<strong>Se cr\u00eda:<\/strong> en gran parte de Espa\u00f1a pero para su uso industrial se recolecta principamente en la regi\u00f3n de HUELVA.<br \/>\n<strong>Uso:<\/strong> principalmente esta resinoide es para su uso en la perfumeria.[\/vc_column_text][\/vc_column][\/vc_row][vc_row css_animation=&#8221;&#8221; row_type=&#8221;row&#8221; use_row_as_full_screen_section=&#8221;no&#8221; type=&#8221;full_width&#8221; angled_section=&#8221;no&#8221; text_align=&#8221;left&#8221; background_image_as_pattern=&#8221;without_pattern&#8221;][vc_column][vc_column_text]<\/p>\n<p>&nbsp;<\/p>\n<p>[\/vc_column_text][\/vc_column][\/vc_row]<\/p>\n<\/div>","protected":false},"excerpt":{"rendered":"<p>[vc_row css_animation=&#8221;&#8221; row_type=&#8221;row&#8221; use_row_as_full_screen_section=&#8221;no&#8221; type=&#8221;full_width&#8221; angled_section=&#8221;no&#8221; text_align=&#8221;left&#8221; background_image_as_pattern=&#8221;without_pattern&#8221; css=&#8221;.vc_custom_1528446069411{margin-top: 40px !important;margin-bottom: 20px !important;}&#8221;][vc_column width=&#8221;1\/3&#8243;][\/vc_column][vc_column width=&#8221;2\/3&#8243;][vc_column_text] Ferreter\u00eda Sebasti\u00e1n Perez e Hijos Ferreteria Sebastian Perez e Hijos trabaja con todas las primeras marcas, tanto nacionales como extranjeras, a parte de otras muchas, que sin ser grandes conocidas&#8230;<\/p>\n","protected":false},"author":1,"featured_media":0,"parent":0,"menu_order":0,"comment_status":"closed","ping_status":"closed","template":"","meta":{"footnotes":""},"class_list":["post-14","page","type-page","status-publish","hentry"],"_links":{"self":[{"href":"https:\/\/blog.cofan.es\/grupospehijos\/wp-json\/wp\/v2\/pages\/14","targetHints":{"allow":["GET"]}}],"collection":[{"href":"https:\/\/blog.cofan.es\/grupospehijos\/wp-json\/wp\/v2\/pages"}],"about":[{"href":"https:\/\/blog.cofan.es\/grupospehijos\/wp-json\/wp\/v2\/types\/page"}],"author":[{"embeddable":true,"href":"https:\/\/blog.cofan.es\/grupospehijos\/wp-json\/wp\/v2\/users\/1"}],"replies":[{"embeddable":true,"href":"https:\/\/blog.cofan.es\/grupospehijos\/wp-json\/wp\/v2\/comments?post=14"}],"version-history":[{"count":46,"href":"https:\/\/blog.cofan.es\/grupospehijos\/wp-json\/wp\/v2\/pages\/14\/revisions"}],"predecessor-version":[{"id":88,"href":"https:\/\/blog.cofan.es\/grupospehijos\/wp-json\/wp\/v2\/pages\/14\/revisions\/88"}],"wp:attachment":[{"href":"https:\/\/blog.cofan.es\/grupospehijos\/wp-json\/wp\/v2\/media?parent=14"}],"curies":[{"name":"wp","href":"https:\/\/api.w.org\/{rel}","templated":true}]}}