{"id":351,"date":"2015-05-27T06:54:48","date_gmt":"2015-05-27T06:54:48","guid":{"rendered":"http:\/\/blog.cofan.es\/ferreteriamarcelinosoliva\/?page_id=4"},"modified":"2024-09-05T10:39:58","modified_gmt":"2024-09-05T10:39:58","slug":"inicio","status":"publish","type":"page","link":"https:\/\/blog.cofan.es\/ferreteriamsoliva\/","title":{"rendered":"Inicio"},"content":{"rendered":"<div class=\"wpb-content-wrapper\"><p>[vc_row css_animation=&#8221;&#8221; row_type=&#8221;row&#8221; use_row_as_full_screen_section=&#8221;no&#8221; type=&#8221;full_width&#8221; angled_section=&#8221;no&#8221; text_align=&#8221;left&#8221; background_image_as_pattern=&#8221;without_pattern&#8221;][vc_column][rev_slider_vc alias=&#8221;slider1&#8243;][vc_empty_space height=&#8221;30px&#8221;][\/vc_column][\/vc_row][vc_row css_animation=&#8221;&#8221; row_type=&#8221;row&#8221; use_row_as_full_screen_section=&#8221;no&#8221; type=&#8221;full_width&#8221; angled_section=&#8221;no&#8221; text_align=&#8221;left&#8221; background_image_as_pattern=&#8221;without_pattern&#8221;][vc_column width=&#8221;1\/3&#8243;][vc_column_text css=&#8221;&#8221;]<img loading=\"lazy\" decoding=\"async\" class=\"size-full wp-image-428 aligncenter\" src=\"\/wp-content\/uploads\/sites\/73\/2024\/09\/imagen-herramienta.jpg\" alt=\"0072\" width=\"1920\" height=\"1080\" \/><\/p>\n<h4 style=\"text-align: center;\"><span style=\"color: #285eaa; margin-top: 15px;\">NUESTROS PRODUCTOS<\/span><\/h4>\n<p>[\/vc_column_text][vc_column_text css=&#8221;.vc_custom_1482481970690{padding-top: 15px !important;}&#8221;]<\/p>\n<p style=\"text-align: center;\"><span style=\"color: #000000;\">En nuestra empresa podr\u00e1s encontrar una gran selecci\u00f3n de productos, contando con las mejores marcas.<\/span><\/p>\n<p>[\/vc_column_text][vc_column_text css=&#8221;.vc_custom_1482482094278{margin-top: 15px !important;}&#8221;]<\/p>\n<p style=\"text-align: center;\"><span style=\"color: #f08100;\"><a class=\"orange-link\" style=\"color: #f08100;\" href=\"http:\/\/www.ferreteriamsoliva.es\/productos\/\">LEER M\u00c1S<\/a><\/span><\/p>\n<p>[\/vc_column_text][vc_empty_space height=&#8221;10px&#8221;][\/vc_column][vc_column width=&#8221;1\/3&#8243;][vc_column_text css=&#8221;&#8221;]<img loading=\"lazy\" decoding=\"async\" class=\"size-full wp-image-430 aligncenter\" src=\"\/wp-content\/uploads\/sites\/73\/2024\/09\/entrega350.jpg\" alt=\"servicios-home\" width=\"347\" height=\"194\" \/><\/p>\n<h4 style=\"text-align: center;\"><span style=\"color: #285eaa; margin-top: 15px;\">NUESTROS SERVICIOS<\/span><\/h4>\n<p>[\/vc_column_text][vc_column_text css=&#8221;.vc_custom_1482482368592{padding-top: 15px !important;}&#8221;]<\/p>\n<p style=\"text-align: center;\"><span style=\"color: #000000;\">Tenemos a tu disposici\u00f3n una gran variedad de servicios para solventar todas las necesidades de nuestros clientes.<\/span><\/p>\n<p>[\/vc_column_text][vc_column_text css=&#8221;.vc_custom_1482482109503{margin-top: 15px !important;}&#8221;]<\/p>\n<p style=\"text-align: center;\"><span style=\"color: #f08100;\"><a class=\"orange-link\" style=\"color: #f08100;\" href=\"http:\/\/www.ferreteriamsoliva.es\/servicios\/\">LEER M\u00c1S<\/a><\/span><\/p>\n<p>[\/vc_column_text][vc_empty_space height=&#8221;10px&#8221;][\/vc_column][vc_column width=&#8221;1\/3&#8243;][vc_column_text css=&#8221;&#8221;]<img loading=\"lazy\" decoding=\"async\" class=\"size-full wp-image-429 aligncenter\" src=\"\/wp-content\/uploads\/sites\/73\/2024\/09\/imagen-web.jpg\" alt=\"compra-online-cofan\" width=\"347\" height=\"194\" \/><\/p>\n<h4 style=\"text-align: center;\"><span style=\"color: #285eaa; margin-top: 15px;\">COMPRA ONLINE COFAN<\/span><\/h4>\n<p>[\/vc_column_text][vc_column_text css=&#8221;.vc_custom_1482482374559{padding-top: 15px !important;}&#8221;]<\/p>\n<p style=\"text-align: center;\"><span style=\"color: #000000;\">Ponemos a tu disposici\u00f3n la compra online de la marca Cofan. Garant\u00eda y calidad aseguradas s\u00f3lo registr\u00e1ndote.<\/span><\/p>\n<p>[\/vc_column_text][vc_column_text css=&#8221;.vc_custom_1624346302957{margin-top: 15px !important;}&#8221;]<\/p>\n<p style=\"text-align: center;\"><span style=\"color: #f08100;\"><a class=\"orange-link\" style=\"color: #f08100;\" href=\"https:\/\/www.cofan.es\/es\/privatearea\/login\/2b4brzrop\/\">LEER M\u00c1S<\/a><\/span><\/p>\n<p>[\/vc_column_text][vc_empty_space height=&#8221;10px&#8221;][\/vc_column][\/vc_row][vc_row css_animation=&#8221;&#8221; row_type=&#8221;row&#8221; use_row_as_full_screen_section=&#8221;no&#8221; type=&#8221;full_width&#8221; angled_section=&#8221;no&#8221; text_align=&#8221;left&#8221; background_image_as_pattern=&#8221;without_pattern&#8221; top_padding=&#8221;20&#8243; bottom_padding=&#8221;20&#8243; css=&#8221;.vc_custom_1482482637326{margin-top: 40px !important;}&#8221;][vc_column][vc_column_text css=&#8221;.vc_custom_1482483281795{margin-bottom: 30px !important;}&#8221;]<\/p>\n<h3 style=\"text-align: center;\"><span style=\"color: #285eaa;\">Nuestra Empresa<\/span><\/h3>\n<p>[\/vc_column_text][vc_column_text css=&#8221;.vc_custom_1482482576658{margin-bottom: 20px !important;}&#8221;]<\/p>\n<h4 style=\"text-align: center;\"><span style=\"color: #285eaa;\">Con m\u00e1s de 30 a\u00f1os de experiencia en el sector de ferreter\u00eda y menaje<\/span><\/h4>\n<p>[\/vc_column_text][vc_row_inner row_type=&#8221;row&#8221; type=&#8221;full_width&#8221; text_align=&#8221;left&#8221; css_animation=&#8221;&#8221; css=&#8221;.vc_custom_1482482548003{margin-bottom: 20px !important;}&#8221;][vc_column_inner width=&#8221;1\/2&#8243;][vc_column_text]<img loading=\"lazy\" decoding=\"async\" class=\"size-full wp-image-437 aligncenter\" src=\"\/wp-content\/uploads\/sites\/73\/2015\/05\/llaveinglesa.png\" alt=\"llaveinglesa\" width=\"674\" height=\"318\" srcset=\"https:\/\/blog.cofan.es\/ferreteriamsoliva\/wp-content\/uploads\/sites\/73\/2015\/05\/llaveinglesa.png 674w, https:\/\/blog.cofan.es\/ferreteriamsoliva\/wp-content\/uploads\/sites\/73\/2015\/05\/llaveinglesa-300x142.png 300w\" sizes=\"auto, (max-width: 674px) 100vw, 674px\" \/>[\/vc_column_text][\/vc_column_inner][vc_column_inner width=&#8221;1\/2&#8243; css=&#8221;.vc_custom_1482482599081{margin-top: 30px !important;}&#8221;][vc_column_text]<span style=\"color: #000000;\">Somos una empresa familiar de varias generaciones donde nuestro principal objetivo es satisfacer las necesidades de nuestros clientes, ofreciendo cada d\u00eda los mejores productos.<\/span><\/p>\n<p><span style=\"color: #000000;\">Nuestra experiencia y compromiso en el sector nos permite tambi\u00e9n proporcionar una gama de servicios por parte de nuestros especialistas.<\/span>[\/vc_column_text][\/vc_column_inner][\/vc_row_inner][\/vc_column][\/vc_row][vc_row css_animation=&#8221;&#8221; row_type=&#8221;row&#8221; use_row_as_full_screen_section=&#8221;no&#8221; type=&#8221;full_width&#8221; angled_section=&#8221;no&#8221; text_align=&#8221;left&#8221; background_image_as_pattern=&#8221;without_pattern&#8221;][vc_column][vc_column_text css=&#8221;&#8221;]<a href=\"https:\/\/www.cofan.es\/es\/privatearea\/login\/e9xnwg3vg\/\" target=\"_blank\" rel=\"noopener\"><br \/>\n<img loading=\"lazy\" decoding=\"async\" class=\"alignnone\" src=\"\/wp-content\/uploads\/sites\/73\/2024\/09\/banner-cofan-nuevo.jpg\" alt=\"Compra Online Cofan\" width=\"1200\" height=\"200\" \/><br \/>\n<\/a><br \/>\n[\/vc_column_text][\/vc_column][\/vc_row][vc_row css_animation=&#8221;&#8221; row_type=&#8221;row&#8221; use_row_as_full_screen_section=&#8221;no&#8221; type=&#8221;full_width&#8221; angled_section=&#8221;no&#8221; text_align=&#8221;left&#8221; background_image_as_pattern=&#8221;without_pattern&#8221; css=&#8221;.vc_custom_1482483066105{margin-top: 40px !important;}&#8221;][vc_column][vc_column_text css=&#8221;.vc_custom_1482483368525{margin-bottom: 40px !important;}&#8221;]<\/p>\n<h3 style=\"text-align: center;\"><span style=\"color: #285eaa;\">NUESTRAS\u00a0MARCAS<\/span><\/h3>\n<p>[\/vc_column_text][\/vc_column][vc_column width=&#8221;1\/6&#8243;][vc_single_image image=&#8221;614&#8243; img_size=&#8221;226&#215;51&#8243; css=&#8221;&#8221; qode_css_animation=&#8221;&#8221;][\/vc_column][vc_column width=&#8221;1\/6&#8243;][vc_single_image image=&#8221;444&#8243; img_size=&#8221;226&#215;51&#8243; qode_css_animation=&#8221;&#8221;][\/vc_column][vc_column width=&#8221;1\/6&#8243;][vc_single_image image=&#8221;445&#8243; img_size=&#8221;226&#215;51&#8243; qode_css_animation=&#8221;&#8221;][\/vc_column][vc_column width=&#8221;1\/6&#8243;][vc_single_image image=&#8221;446&#8243; img_size=&#8221;226&#215;51&#8243; qode_css_animation=&#8221;&#8221;][\/vc_column][vc_column width=&#8221;1\/6&#8243;][vc_single_image image=&#8221;447&#8243; img_size=&#8221;226&#215;51&#8243; qode_css_animation=&#8221;&#8221;][\/vc_column][vc_column width=&#8221;1\/6&#8243;][vc_single_image image=&#8221;448&#8243; img_size=&#8221;226&#215;51&#8243; qode_css_animation=&#8221;&#8221;][\/vc_column][\/vc_row][vc_row css_animation=&#8221;&#8221; row_type=&#8221;row&#8221; use_row_as_full_screen_section=&#8221;no&#8221; type=&#8221;full_width&#8221; angled_section=&#8221;no&#8221; text_align=&#8221;left&#8221; background_image_as_pattern=&#8221;without_pattern&#8221; css=&#8221;.vc_custom_1482483097926{margin-top: 60px !important;}&#8221;][vc_column width=&#8221;1\/6&#8243;][vc_single_image image=&#8221;449&#8243; img_size=&#8221;226&#215;51&#8243; qode_css_animation=&#8221;&#8221;][\/vc_column][vc_column width=&#8221;1\/6&#8243;][vc_single_image image=&#8221;450&#8243; img_size=&#8221;226&#215;51&#8243; qode_css_animation=&#8221;&#8221;][\/vc_column][vc_column width=&#8221;1\/6&#8243;][vc_single_image image=&#8221;451&#8243; img_size=&#8221;226&#215;51&#8243; qode_css_animation=&#8221;&#8221;][\/vc_column][vc_column width=&#8221;1\/6&#8243;][vc_single_image image=&#8221;452&#8243; img_size=&#8221;226&#215;51&#8243; qode_css_animation=&#8221;&#8221;][\/vc_column][vc_column width=&#8221;1\/6&#8243;][vc_single_image image=&#8221;453&#8243; img_size=&#8221;226&#215;51&#8243; qode_css_animation=&#8221;&#8221;][\/vc_column][vc_column width=&#8221;1\/6&#8243;][vc_single_image image=&#8221;454&#8243; img_size=&#8221;226&#215;51&#8243; qode_css_animation=&#8221;&#8221;][\/vc_column][\/vc_row][vc_row css_animation=&#8221;&#8221; row_type=&#8221;row&#8221; use_row_as_full_screen_section=&#8221;no&#8221; type=&#8221;full_width&#8221; angled_section=&#8221;no&#8221; text_align=&#8221;left&#8221; background_image_as_pattern=&#8221;without_pattern&#8221; css=&#8221;.vc_custom_1482483147368{margin-top: 60px !important;margin-bottom: 40px !important;}&#8221;][vc_column width=&#8221;1\/4&#8243;][vc_single_image image=&#8221;455&#8243; img_size=&#8221;226&#215;51&#8243; qode_css_animation=&#8221;&#8221;][\/vc_column][vc_column width=&#8221;1\/4&#8243;][vc_single_image image=&#8221;456&#8243; img_size=&#8221;226&#215;51&#8243; qode_css_animation=&#8221;&#8221;][\/vc_column][vc_column width=&#8221;1\/4&#8243;][vc_single_image image=&#8221;457&#8243; img_size=&#8221;226&#215;51&#8243; qode_css_animation=&#8221;&#8221;][\/vc_column][vc_column width=&#8221;1\/4&#8243;][vc_single_image image=&#8221;458&#8243; img_size=&#8221;226&#215;51&#8243; qode_css_animation=&#8221;&#8221;][\/vc_column][\/vc_row]<\/p>\n<\/div>","protected":false},"excerpt":{"rendered":"<p>[vc_row css_animation=&#8221;&#8221; row_type=&#8221;row&#8221; use_row_as_full_screen_section=&#8221;no&#8221; type=&#8221;full_width&#8221; angled_section=&#8221;no&#8221; text_align=&#8221;left&#8221; background_image_as_pattern=&#8221;without_pattern&#8221;][vc_column][rev_slider_vc alias=&#8221;slider1&#8243;][vc_empty_space height=&#8221;30px&#8221;][\/vc_column][\/vc_row][vc_row css_animation=&#8221;&#8221; row_type=&#8221;row&#8221; use_row_as_full_screen_section=&#8221;no&#8221; type=&#8221;full_width&#8221; angled_section=&#8221;no&#8221; text_align=&#8221;left&#8221; background_image_as_pattern=&#8221;without_pattern&#8221;][vc_column width=&#8221;1\/3&#8243;][vc_column_text css=&#8221;&#8221;] NUESTROS PRODUCTOS [\/vc_column_text][vc_column_text css=&#8221;.vc_custom_1482481970690{padding-top: 15px !important;}&#8221;] En nuestra empresa podr\u00e1s encontrar una gran selecci\u00f3n de productos, contando con las mejores marcas. [\/vc_column_text][vc_column_text css=&#8221;.vc_custom_1482482094278{margin-top: 15px !important;}&#8221;] LEER&#8230;<\/p>\n","protected":false},"author":1,"featured_media":0,"parent":0,"menu_order":0,"comment_status":"closed","ping_status":"closed","template":"","meta":{"footnotes":""},"class_list":["post-351","page","type-page","status-publish","hentry"],"_links":{"self":[{"href":"https:\/\/blog.cofan.es\/ferreteriamsoliva\/wp-json\/wp\/v2\/pages\/351","targetHints":{"allow":["GET"]}}],"collection":[{"href":"https:\/\/blog.cofan.es\/ferreteriamsoliva\/wp-json\/wp\/v2\/pages"}],"about":[{"href":"https:\/\/blog.cofan.es\/ferreteriamsoliva\/wp-json\/wp\/v2\/types\/page"}],"author":[{"embeddable":true,"href":"https:\/\/blog.cofan.es\/ferreteriamsoliva\/wp-json\/wp\/v2\/users\/1"}],"replies":[{"embeddable":true,"href":"https:\/\/blog.cofan.es\/ferreteriamsoliva\/wp-json\/wp\/v2\/comments?post=351"}],"version-history":[{"count":33,"href":"https:\/\/blog.cofan.es\/ferreteriamsoliva\/wp-json\/wp\/v2\/pages\/351\/revisions"}],"predecessor-version":[{"id":615,"href":"https:\/\/blog.cofan.es\/ferreteriamsoliva\/wp-json\/wp\/v2\/pages\/351\/revisions\/615"}],"wp:attachment":[{"href":"https:\/\/blog.cofan.es\/ferreteriamsoliva\/wp-json\/wp\/v2\/media?parent=351"}],"curies":[{"name":"wp","href":"https:\/\/api.w.org\/{rel}","templated":true}]}}