{"id":2329,"date":"2014-12-23T15:27:41","date_gmt":"2014-12-23T15:27:41","guid":{"rendered":"http:\/\/blog.cofan.es\/esteticabelenalberca-es\/?page_id=2329"},"modified":"2017-01-11T11:59:26","modified_gmt":"2017-01-11T11:59:26","slug":"gentlemens-facial-hombre","status":"publish","type":"page","link":"https:\/\/blog.cofan.es\/esteticabelenalberca\/tratamientos\/tratamientos-faciales\/gentlemens-facial-hombre\/","title":{"rendered":"Gentlemen\u00b4S Facial (Hombre)"},"content":{"rendered":"<div class=\"wpb-content-wrapper\"><p>[vc_row css_animation=&#8221;&#8221; row_type=&#8221;row&#8221; use_row_as_full_screen_section=&#8221;no&#8221; type=&#8221;full_width&#8221; angled_section=&#8221;no&#8221; text_align=&#8221;left&#8221; background_image_as_pattern=&#8221;without_pattern&#8221; css=&#8221;.vc_custom_1484135962222{margin-bottom: 30px !important;}&#8221;][vc_column][vc_column_text]<b>Porque en Centro de Est\u00e9tica Bel\u00e9n Alberca no solo pensamos en el cuidado de las mujeres, ofrecemos este tratamiento facial especialmente creado para el cuidado de la piel del hombre.<\/b><\/p>\n<p>Devuelve la vitalidad y el confort perdidos por el estr\u00e9s, la falta de tiempo y el afeitado diario.<\/p>\n<p>La combinaci\u00f3n de productos altamente efectivos y que se adaptan a las necesidades de cada tipo de piel aportando m\u00e1xima hidrataci\u00f3n, firmeza y luminosidad. Inspirado en las t\u00e9cnicas aplicadas por los barberos tradicionales, este tratamiento incorpora un masaje estimulante del rostro, para proporcionar a la piel un aspecto limpio, joven y fresco.<\/p>\n<p>La gran calidad de este tratamiento viene destaca por la experiencia y efectividad que ofrecen los productos de <strong>Natura Biss\u00e9<\/strong>.<\/p>\n<p><img loading=\"lazy\" decoding=\"async\" class=\"img-border aligncenter wp-image-3262 size-full\" src=\"\/wp-content\/uploads\/sites\/120\/2014\/12\/thumb-gentlemen-facial-2.jpg\" alt=\"thumb-gentlemen-facial-2\" width=\"770\" height=\"433\" srcset=\"https:\/\/blog.cofan.es\/esteticabelenalberca\/wp-content\/uploads\/sites\/120\/2014\/12\/thumb-gentlemen-facial-2.jpg 770w, https:\/\/blog.cofan.es\/esteticabelenalberca\/wp-content\/uploads\/sites\/120\/2014\/12\/thumb-gentlemen-facial-2-300x169.jpg 300w\" sizes=\"auto, (max-width: 770px) 100vw, 770px\" \/><\/p>\n<p>Gentlemen\u2019s Facial Natura Biss\u00e9[\/vc_column_text][\/vc_column][\/vc_row]<\/p>\n<\/div>","protected":false},"excerpt":{"rendered":"<p>[vc_row css_animation=&#8221;&#8221; row_type=&#8221;row&#8221; use_row_as_full_screen_section=&#8221;no&#8221; type=&#8221;full_width&#8221; angled_section=&#8221;no&#8221; text_align=&#8221;left&#8221; background_image_as_pattern=&#8221;without_pattern&#8221; css=&#8221;.vc_custom_1484135962222{margin-bottom: 30px !important;}&#8221;][vc_column][vc_column_text]Porque en Centro de Est\u00e9tica Bel\u00e9n Alberca no solo pensamos en el cuidado de las mujeres, ofrecemos este tratamiento facial especialmente creado para el cuidado de la piel del hombre. Devuelve la vitalidad y el&#8230;<\/p>\n","protected":false},"author":12,"featured_media":0,"parent":2174,"menu_order":0,"comment_status":"closed","ping_status":"closed","template":"","meta":{"footnotes":""},"class_list":["post-2329","page","type-page","status-publish","hentry"],"_links":{"self":[{"href":"https:\/\/blog.cofan.es\/esteticabelenalberca\/wp-json\/wp\/v2\/pages\/2329","targetHints":{"allow":["GET"]}}],"collection":[{"href":"https:\/\/blog.cofan.es\/esteticabelenalberca\/wp-json\/wp\/v2\/pages"}],"about":[{"href":"https:\/\/blog.cofan.es\/esteticabelenalberca\/wp-json\/wp\/v2\/types\/page"}],"author":[{"embeddable":true,"href":"https:\/\/blog.cofan.es\/esteticabelenalberca\/wp-json\/wp\/v2\/users\/12"}],"replies":[{"embeddable":true,"href":"https:\/\/blog.cofan.es\/esteticabelenalberca\/wp-json\/wp\/v2\/comments?post=2329"}],"version-history":[{"count":3,"href":"https:\/\/blog.cofan.es\/esteticabelenalberca\/wp-json\/wp\/v2\/pages\/2329\/revisions"}],"predecessor-version":[{"id":3751,"href":"https:\/\/blog.cofan.es\/esteticabelenalberca\/wp-json\/wp\/v2\/pages\/2329\/revisions\/3751"}],"up":[{"embeddable":true,"href":"https:\/\/blog.cofan.es\/esteticabelenalberca\/wp-json\/wp\/v2\/pages\/2174"}],"wp:attachment":[{"href":"https:\/\/blog.cofan.es\/esteticabelenalberca\/wp-json\/wp\/v2\/media?parent=2329"}],"curies":[{"name":"wp","href":"https:\/\/api.w.org\/{rel}","templated":true}]}}