{"id":2256,"date":"2014-12-22T17:20:37","date_gmt":"2014-12-22T17:20:37","guid":{"rendered":"http:\/\/blog.cofan.es\/esteticabelenalberca-es\/?page_id=2256"},"modified":"2015-11-03T08:52:30","modified_gmt":"2015-11-03T08:52:30","slug":"cavitacion","status":"publish","type":"page","link":"https:\/\/blog.cofan.es\/esteticabelenalberca\/tratamientos\/tratamientos-corporales\/cavitacion\/","title":{"rendered":"Cavitaci\u00f3n"},"content":{"rendered":"<div class=\"wpb-content-wrapper\"><p>[vc_row][vc_column][vc_column_text]<b>Centro de Est\u00e9tica Bel\u00e9n Alberca les ofrece la cavitaci\u00f3n ultras\u00f3nica, tratamiento en el cual se generan de forma controlada peque\u00f1as burbujas, que acaban con las c\u00e9lulas grasas sin da\u00f1ar el sistema sangu\u00edneo.<\/b><\/p>\n<p>Todo ello a trav\u00e9s de un aparato que gracias al gel cavitaci\u00f3n, se realizan movimientos circulares. De esta forma, logramos que la grasa que se encuentra en determinadas zonas de nuestro cuerpo se transforme a un estado l\u00edquido, y as\u00ed se elimine de nuestro cuerpo a trav\u00e9s de las v\u00edas urinarias.[\/vc_column_text][vc_empty_space height=&#8221;10px&#8221;][\/vc_column][\/vc_row][vc_row][vc_column][vc_column_text]<img loading=\"lazy\" decoding=\"async\" class=\"img-border aligncenter wp-image-3203 size-full\" src=\"\/wp-content\/uploads\/sites\/120\/2014\/12\/cavitacion1.jpg\" alt=\"cavitacion1\" width=\"747\" height=\"420\" srcset=\"https:\/\/blog.cofan.es\/esteticabelenalberca\/wp-content\/uploads\/sites\/120\/2014\/12\/cavitacion1.jpg 747w, https:\/\/blog.cofan.es\/esteticabelenalberca\/wp-content\/uploads\/sites\/120\/2014\/12\/cavitacion1-300x169.jpg 300w\" sizes=\"auto, (max-width: 747px) 100vw, 747px\" \/>[\/vc_column_text][vc_empty_space height=&#8221;10px&#8221;][\/vc_column][\/vc_row][vc_row][vc_column][vc_column_text]La cavitaci\u00f3n es un tratamiento no invasivo seguro, eficaz, duradero, indoloro y sin postoperatorio indicado para combatir la celulitis, la grasa localizada y reducir el volumen corporal.<\/p>\n<p>La combinaci\u00f3n de los ultrasonidos con los infrarrojos genera una energ\u00eda beneficiosa que puede penetrar profundamente en los tejidos para acelerar el metabolismo y as\u00ed aumentar la eliminaci\u00f3n de grasas y estimular la producci\u00f3n de col\u00e1geno y elastina.<\/p>\n<p>Adem\u00e1s, hay que destacar su funci\u00f3n de lipodrenaje, muy efectiva a la hora de eliminar las toxinas de las c\u00e9lulas grasas que han sido previamente licuadas gracias al efecto cavitaci\u00f3n de los ultrasonidos.<br \/>\nLas observaciones sobre el terreno y las investigaciones autorizadas en este campo han mostrado resultados significativos en cuanto a:[\/vc_column_text][\/vc_column][\/vc_row][vc_row][vc_column][vc_column_text]<\/p>\n<ul>\n<li>Disminuci\u00f3n de la celulitis Soluci\u00f3n contra la celulitis<\/li>\n<li>Reducci\u00f3n y eliminaci\u00f3n de las grasas<\/li>\n<li>Reactivaci\u00f3n de la circulaci\u00f3n<\/li>\n<li>Eliminaci\u00f3n de la inflamaci\u00f3n<\/li>\n<li>Drenaje hemolinf\u00e1tico<\/li>\n<li>Oxigenaci\u00f3n de los tejidos<\/li>\n<li>Remodelaci\u00f3n del contorno del cuerpo<\/li>\n<\/ul>\n<p>[\/vc_column_text][\/vc_column][\/vc_row]<\/p>\n<\/div>","protected":false},"excerpt":{"rendered":"<p>[vc_row][vc_column][vc_column_text]Centro de Est\u00e9tica Bel\u00e9n Alberca les ofrece la cavitaci\u00f3n ultras\u00f3nica, tratamiento en el cual se generan de forma controlada peque\u00f1as burbujas, que acaban con las c\u00e9lulas grasas sin da\u00f1ar el sistema sangu\u00edneo. Todo ello a trav\u00e9s de un aparato que gracias al gel cavitaci\u00f3n, se&#8230;<\/p>\n","protected":false},"author":12,"featured_media":0,"parent":2172,"menu_order":0,"comment_status":"closed","ping_status":"closed","template":"","meta":{"footnotes":""},"class_list":["post-2256","page","type-page","status-publish","hentry"],"_links":{"self":[{"href":"https:\/\/blog.cofan.es\/esteticabelenalberca\/wp-json\/wp\/v2\/pages\/2256","targetHints":{"allow":["GET"]}}],"collection":[{"href":"https:\/\/blog.cofan.es\/esteticabelenalberca\/wp-json\/wp\/v2\/pages"}],"about":[{"href":"https:\/\/blog.cofan.es\/esteticabelenalberca\/wp-json\/wp\/v2\/types\/page"}],"author":[{"embeddable":true,"href":"https:\/\/blog.cofan.es\/esteticabelenalberca\/wp-json\/wp\/v2\/users\/12"}],"replies":[{"embeddable":true,"href":"https:\/\/blog.cofan.es\/esteticabelenalberca\/wp-json\/wp\/v2\/comments?post=2256"}],"version-history":[{"count":3,"href":"https:\/\/blog.cofan.es\/esteticabelenalberca\/wp-json\/wp\/v2\/pages\/2256\/revisions"}],"predecessor-version":[{"id":3206,"href":"https:\/\/blog.cofan.es\/esteticabelenalberca\/wp-json\/wp\/v2\/pages\/2256\/revisions\/3206"}],"up":[{"embeddable":true,"href":"https:\/\/blog.cofan.es\/esteticabelenalberca\/wp-json\/wp\/v2\/pages\/2172"}],"wp:attachment":[{"href":"https:\/\/blog.cofan.es\/esteticabelenalberca\/wp-json\/wp\/v2\/media?parent=2256"}],"curies":[{"name":"wp","href":"https:\/\/api.w.org\/{rel}","templated":true}]}}