{"id":2213,"date":"2014-12-22T12:25:50","date_gmt":"2014-12-22T12:25:50","guid":{"rendered":"http:\/\/blog.cofan.es\/esteticabelenalberca-es\/?page_id=2213"},"modified":"2017-01-10T17:40:09","modified_gmt":"2017-01-10T17:40:09","slug":"promociones","status":"publish","type":"page","link":"https:\/\/blog.cofan.es\/esteticabelenalberca\/promociones\/","title":{"rendered":"Promociones"},"content":{"rendered":"<div class=\"wpb-content-wrapper\"><p>[vc_row css_animation=&#8221;&#8221; row_type=&#8221;row&#8221; use_row_as_full_screen_section=&#8221;no&#8221; type=&#8221;full_width&#8221; angled_section=&#8221;no&#8221; text_align=&#8221;left&#8221; background_image_as_pattern=&#8221;without_pattern&#8221;][vc_column][vc_column_text]<\/p>\n<h4 style=\"text-align: center;\">\u00a1REGALA BELLEZA!<\/h4>\n<p>&nbsp;<\/p>\n<p style=\"text-align: center;\"><strong>\u201cNo hay mejor regalo que\u00a0aquel\u00a0que no te esperas y que te gustar\u00eda tener\u201d<\/strong><br \/>\n<strong>NOSOTROS TE ACONSEJAMOS, T\u00da ELIGES<\/strong><\/p>\n<p style=\"text-align: center;\">En Centro de Est\u00e9tica Bel\u00e9n Alberca se abre un mundo de posibilidades para sorprender: productos, masajes, tratamientos\u2026<\/p>\n<p>[\/vc_column_text][vc_empty_space height=&#8221;10px&#8221;][\/vc_column][\/vc_row][vc_row css_animation=&#8221;&#8221; row_type=&#8221;row&#8221; use_row_as_full_screen_section=&#8221;no&#8221; type=&#8221;full_width&#8221; angled_section=&#8221;no&#8221; text_align=&#8221;left&#8221; background_image_as_pattern=&#8221;without_pattern&#8221; css=&#8221;.vc_custom_1484069986449{margin-top: 30px !important;margin-bottom: 30px !important;}&#8221;][vc_column width=&#8221;1\/2&#8243;][vc_column_text]<\/p>\n<h4 style=\"text-align: center;\"><a href=\"\/category\/bonos\/\">Bonos<\/a><\/h4>\n<p>&nbsp;<\/p>\n<p><a href=\"\/category\/bonos\/\"><img loading=\"lazy\" decoding=\"async\" class=\"img-border aligncenter wp-image-3390 size-full\" src=\"\/wp-content\/uploads\/sites\/120\/2014\/12\/bonos-web.jpg\" alt=\"bonos-web\" width=\"500\" height=\"275\" srcset=\"https:\/\/blog.cofan.es\/esteticabelenalberca\/wp-content\/uploads\/sites\/120\/2014\/12\/bonos-web.jpg 500w, https:\/\/blog.cofan.es\/esteticabelenalberca\/wp-content\/uploads\/sites\/120\/2014\/12\/bonos-web-300x165.jpg 300w\" sizes=\"auto, (max-width: 500px) 100vw, 500px\" \/><\/a>[\/vc_column_text][vc_empty_space height=&#8221;10px&#8221;][\/vc_column][vc_column width=&#8221;1\/2&#8243;][vc_column_text]<\/p>\n<h4 style=\"text-align: center;\"><a href=\"\/category\/cupones\/\">Cupones de descuento<\/a><\/h4>\n<p>&nbsp;<\/p>\n<p><a href=\"\/category\/cupones\/\"><img loading=\"lazy\" decoding=\"async\" class=\"img-border aligncenter wp-image-3391 size-full\" src=\"\/wp-content\/uploads\/sites\/120\/2014\/12\/cupones-descuento.jpg\" alt=\"cupones-descuento\" width=\"500\" height=\"275\" srcset=\"https:\/\/blog.cofan.es\/esteticabelenalberca\/wp-content\/uploads\/sites\/120\/2014\/12\/cupones-descuento.jpg 500w, https:\/\/blog.cofan.es\/esteticabelenalberca\/wp-content\/uploads\/sites\/120\/2014\/12\/cupones-descuento-300x165.jpg 300w\" sizes=\"auto, (max-width: 500px) 100vw, 500px\" \/><\/a>[\/vc_column_text][\/vc_column][\/vc_row]<\/p>\n<\/div>","protected":false},"excerpt":{"rendered":"<p>[vc_row css_animation=&#8221;&#8221; row_type=&#8221;row&#8221; use_row_as_full_screen_section=&#8221;no&#8221; type=&#8221;full_width&#8221; angled_section=&#8221;no&#8221; text_align=&#8221;left&#8221; background_image_as_pattern=&#8221;without_pattern&#8221;][vc_column][vc_column_text] \u00a1REGALA BELLEZA! &nbsp; \u201cNo hay mejor regalo que\u00a0aquel\u00a0que no te esperas y que te gustar\u00eda tener\u201d NOSOTROS TE ACONSEJAMOS, T\u00da ELIGES En Centro de Est\u00e9tica Bel\u00e9n Alberca se abre un mundo de posibilidades para sorprender: productos, masajes,&#8230;<\/p>\n","protected":false},"author":12,"featured_media":0,"parent":0,"menu_order":0,"comment_status":"closed","ping_status":"closed","template":"","meta":{"footnotes":""},"class_list":["post-2213","page","type-page","status-publish","hentry"],"_links":{"self":[{"href":"https:\/\/blog.cofan.es\/esteticabelenalberca\/wp-json\/wp\/v2\/pages\/2213","targetHints":{"allow":["GET"]}}],"collection":[{"href":"https:\/\/blog.cofan.es\/esteticabelenalberca\/wp-json\/wp\/v2\/pages"}],"about":[{"href":"https:\/\/blog.cofan.es\/esteticabelenalberca\/wp-json\/wp\/v2\/types\/page"}],"author":[{"embeddable":true,"href":"https:\/\/blog.cofan.es\/esteticabelenalberca\/wp-json\/wp\/v2\/users\/12"}],"replies":[{"embeddable":true,"href":"https:\/\/blog.cofan.es\/esteticabelenalberca\/wp-json\/wp\/v2\/comments?post=2213"}],"version-history":[{"count":5,"href":"https:\/\/blog.cofan.es\/esteticabelenalberca\/wp-json\/wp\/v2\/pages\/2213\/revisions"}],"predecessor-version":[{"id":3569,"href":"https:\/\/blog.cofan.es\/esteticabelenalberca\/wp-json\/wp\/v2\/pages\/2213\/revisions\/3569"}],"wp:attachment":[{"href":"https:\/\/blog.cofan.es\/esteticabelenalberca\/wp-json\/wp\/v2\/media?parent=2213"}],"curies":[{"name":"wp","href":"https:\/\/api.w.org\/{rel}","templated":true}]}}