{"id":2178,"date":"2014-12-22T08:02:52","date_gmt":"2014-12-22T08:02:52","guid":{"rendered":"http:\/\/blog.cofan.es\/esteticabelenalberca-es\/?page_id=2178"},"modified":"2017-01-11T08:46:26","modified_gmt":"2017-01-11T08:46:26","slug":"permanente-y-tinte-de-pestanas","status":"publish","type":"page","link":"https:\/\/blog.cofan.es\/esteticabelenalberca\/tratamientos\/permanente-y-tinte-de-pestanas\/","title":{"rendered":"Permanente y Tinte de Pesta\u00f1as"},"content":{"rendered":"<div class=\"wpb-content-wrapper\"><p>[vc_row css_animation=&#8221;&#8221; row_type=&#8221;row&#8221; use_row_as_full_screen_section=&#8221;no&#8221; type=&#8221;full_width&#8221; angled_section=&#8221;no&#8221; text_align=&#8221;left&#8221; background_image_as_pattern=&#8221;without_pattern&#8221; css=&#8221;.vc_custom_1484124378330{margin-bottom: 30px !important;}&#8221;][vc_column][vc_column_text]<b>La permanente de pesta\u00f1as es una t\u00e9cnica que acent\u00faa la curva natural de las pesta\u00f1as desde la ra\u00edz.<\/b><\/p>\n<p>Es un tratamiento que permite corregir las pesta\u00f1as rectas, con remolinos, cortas o con arco descendiente\u2026, permitiendo cambiar la expresi\u00f3n de la mirada.<\/p>\n<p><b>El tinte de pesta\u00f1as proporciona intensidad a la mirada, ya que cubre desde la ra\u00edz a las puntas.<\/b><\/p>\n<p><img loading=\"lazy\" decoding=\"async\" class=\"img-border aligncenter wp-image-3301 size-full\" src=\"\/wp-content\/uploads\/sites\/120\/2014\/12\/permanente-tinte-pestanas1.jpg\" alt=\"permanente-tinte-pestanas1\" width=\"566\" height=\"391\" srcset=\"https:\/\/blog.cofan.es\/esteticabelenalberca\/wp-content\/uploads\/sites\/120\/2014\/12\/permanente-tinte-pestanas1.jpg 566w, https:\/\/blog.cofan.es\/esteticabelenalberca\/wp-content\/uploads\/sites\/120\/2014\/12\/permanente-tinte-pestanas1-300x207.jpg 300w\" sizes=\"auto, (max-width: 566px) 100vw, 566px\" \/><\/p>\n<p>Permanente y tinte de pesta\u00f1as \u2013 Centro de Est\u00e9tica Bel\u00e9n Alberca[\/vc_column_text][\/vc_column][\/vc_row]<\/p>\n<\/div>","protected":false},"excerpt":{"rendered":"<p>[vc_row css_animation=&#8221;&#8221; row_type=&#8221;row&#8221; use_row_as_full_screen_section=&#8221;no&#8221; type=&#8221;full_width&#8221; angled_section=&#8221;no&#8221; text_align=&#8221;left&#8221; background_image_as_pattern=&#8221;without_pattern&#8221; css=&#8221;.vc_custom_1484124378330{margin-bottom: 30px !important;}&#8221;][vc_column][vc_column_text]La permanente de pesta\u00f1as es una t\u00e9cnica que acent\u00faa la curva natural de las pesta\u00f1as desde la ra\u00edz. Es un tratamiento que permite corregir las pesta\u00f1as rectas, con remolinos, cortas o con arco descendiente\u2026, permitiendo&#8230;<\/p>\n","protected":false},"author":12,"featured_media":0,"parent":2141,"menu_order":0,"comment_status":"closed","ping_status":"closed","template":"","meta":{"footnotes":""},"class_list":["post-2178","page","type-page","status-publish","hentry"],"_links":{"self":[{"href":"https:\/\/blog.cofan.es\/esteticabelenalberca\/wp-json\/wp\/v2\/pages\/2178","targetHints":{"allow":["GET"]}}],"collection":[{"href":"https:\/\/blog.cofan.es\/esteticabelenalberca\/wp-json\/wp\/v2\/pages"}],"about":[{"href":"https:\/\/blog.cofan.es\/esteticabelenalberca\/wp-json\/wp\/v2\/types\/page"}],"author":[{"embeddable":true,"href":"https:\/\/blog.cofan.es\/esteticabelenalberca\/wp-json\/wp\/v2\/users\/12"}],"replies":[{"embeddable":true,"href":"https:\/\/blog.cofan.es\/esteticabelenalberca\/wp-json\/wp\/v2\/comments?post=2178"}],"version-history":[{"count":3,"href":"https:\/\/blog.cofan.es\/esteticabelenalberca\/wp-json\/wp\/v2\/pages\/2178\/revisions"}],"predecessor-version":[{"id":3588,"href":"https:\/\/blog.cofan.es\/esteticabelenalberca\/wp-json\/wp\/v2\/pages\/2178\/revisions\/3588"}],"up":[{"embeddable":true,"href":"https:\/\/blog.cofan.es\/esteticabelenalberca\/wp-json\/wp\/v2\/pages\/2141"}],"wp:attachment":[{"href":"https:\/\/blog.cofan.es\/esteticabelenalberca\/wp-json\/wp\/v2\/media?parent=2178"}],"curies":[{"name":"wp","href":"https:\/\/api.w.org\/{rel}","templated":true}]}}