{"id":2176,"date":"2014-12-22T08:02:18","date_gmt":"2014-12-22T08:02:18","guid":{"rendered":"http:\/\/blog.cofan.es\/esteticabelenalberca-es\/?page_id=2176"},"modified":"2017-01-11T08:44:56","modified_gmt":"2017-01-11T08:44:56","slug":"quiromasaje","status":"publish","type":"page","link":"https:\/\/blog.cofan.es\/esteticabelenalberca\/tratamientos\/quiromasaje\/","title":{"rendered":"Quiromasaje"},"content":{"rendered":"<div class=\"wpb-content-wrapper\"><p>[vc_row css_animation=&#8221;&#8221; row_type=&#8221;row&#8221; use_row_as_full_screen_section=&#8221;no&#8221; type=&#8221;full_width&#8221; angled_section=&#8221;no&#8221; text_align=&#8221;left&#8221; background_image_as_pattern=&#8221;without_pattern&#8221; css=&#8221;.vc_custom_1484124234678{margin-bottom: 30px !important;}&#8221;][vc_column][vc_column_text]<b>Masaje realizado con las manos de manera relajante y terape\u00fatica<\/b><\/p>\n<p>Desde Centro de Est\u00e9tica Bel\u00e9n Alberca ofrecemos masajes localizados o generalizados que ayudan a eliminar tensiones y fatiga.<\/p>\n<p><img loading=\"lazy\" decoding=\"async\" class=\"img-border aligncenter wp-image-3297 size-full\" src=\"\/wp-content\/uploads\/sites\/120\/2014\/12\/quiromasaje.jpg\" alt=\"quiromasaje\" width=\"770\" height=\"455\" srcset=\"https:\/\/blog.cofan.es\/esteticabelenalberca\/wp-content\/uploads\/sites\/120\/2014\/12\/quiromasaje.jpg 770w, https:\/\/blog.cofan.es\/esteticabelenalberca\/wp-content\/uploads\/sites\/120\/2014\/12\/quiromasaje-300x177.jpg 300w, https:\/\/blog.cofan.es\/esteticabelenalberca\/wp-content\/uploads\/sites\/120\/2014\/12\/quiromasaje-510x300.jpg 510w\" sizes=\"auto, (max-width: 770px) 100vw, 770px\" \/><\/p>\n<p>Quiromasaje \u2013 Centro de Est\u00e9tica Bel\u00e9n Alberca[\/vc_column_text][\/vc_column][\/vc_row]<\/p>\n<\/div>","protected":false},"excerpt":{"rendered":"<p>[vc_row css_animation=&#8221;&#8221; row_type=&#8221;row&#8221; use_row_as_full_screen_section=&#8221;no&#8221; type=&#8221;full_width&#8221; angled_section=&#8221;no&#8221; text_align=&#8221;left&#8221; background_image_as_pattern=&#8221;without_pattern&#8221; css=&#8221;.vc_custom_1484124234678{margin-bottom: 30px !important;}&#8221;][vc_column][vc_column_text]Masaje realizado con las manos de manera relajante y terape\u00fatica Desde Centro de Est\u00e9tica Bel\u00e9n Alberca ofrecemos masajes localizados o generalizados que ayudan a eliminar tensiones y fatiga. Quiromasaje \u2013 Centro de Est\u00e9tica Bel\u00e9n Alberca[\/vc_column_text][\/vc_column][\/vc_row]<\/p>\n","protected":false},"author":12,"featured_media":0,"parent":2141,"menu_order":0,"comment_status":"closed","ping_status":"closed","template":"","meta":{"footnotes":""},"class_list":["post-2176","page","type-page","status-publish","hentry"],"_links":{"self":[{"href":"https:\/\/blog.cofan.es\/esteticabelenalberca\/wp-json\/wp\/v2\/pages\/2176","targetHints":{"allow":["GET"]}}],"collection":[{"href":"https:\/\/blog.cofan.es\/esteticabelenalberca\/wp-json\/wp\/v2\/pages"}],"about":[{"href":"https:\/\/blog.cofan.es\/esteticabelenalberca\/wp-json\/wp\/v2\/types\/page"}],"author":[{"embeddable":true,"href":"https:\/\/blog.cofan.es\/esteticabelenalberca\/wp-json\/wp\/v2\/users\/12"}],"replies":[{"embeddable":true,"href":"https:\/\/blog.cofan.es\/esteticabelenalberca\/wp-json\/wp\/v2\/comments?post=2176"}],"version-history":[{"count":3,"href":"https:\/\/blog.cofan.es\/esteticabelenalberca\/wp-json\/wp\/v2\/pages\/2176\/revisions"}],"predecessor-version":[{"id":3587,"href":"https:\/\/blog.cofan.es\/esteticabelenalberca\/wp-json\/wp\/v2\/pages\/2176\/revisions\/3587"}],"up":[{"embeddable":true,"href":"https:\/\/blog.cofan.es\/esteticabelenalberca\/wp-json\/wp\/v2\/pages\/2141"}],"wp:attachment":[{"href":"https:\/\/blog.cofan.es\/esteticabelenalberca\/wp-json\/wp\/v2\/media?parent=2176"}],"curies":[{"name":"wp","href":"https:\/\/api.w.org\/{rel}","templated":true}]}}