{"id":2141,"date":"2014-12-19T10:32:42","date_gmt":"2014-12-19T10:32:42","guid":{"rendered":"http:\/\/blog.cofan.es\/esteticabelenalberca-es\/?page_id=2141"},"modified":"2017-01-10T17:22:08","modified_gmt":"2017-01-10T17:22:08","slug":"tratamientos","status":"publish","type":"page","link":"https:\/\/blog.cofan.es\/esteticabelenalberca\/tratamientos\/","title":{"rendered":"Tratamientos"},"content":{"rendered":"<div class=\"wpb-content-wrapper\"><p>[vc_row css_animation=&#8221;&#8221; row_type=&#8221;row&#8221; use_row_as_full_screen_section=&#8221;no&#8221; type=&#8221;full_width&#8221; angled_section=&#8221;no&#8221; text_align=&#8221;left&#8221; background_image_as_pattern=&#8221;without_pattern&#8221;][vc_column][vc_column_text]<\/p>\n<h4>VAMOS M\u00c1S ALL\u00c1 DE LO QUE EST\u00c1S ESPERANDO<\/h4>\n<hr \/>\n<p>[\/vc_column_text][vc_empty_space height=&#8221;5px&#8221;][\/vc_column][\/vc_row][vc_row css_animation=&#8221;&#8221; row_type=&#8221;row&#8221; use_row_as_full_screen_section=&#8221;no&#8221; type=&#8221;full_width&#8221; angled_section=&#8221;no&#8221; text_align=&#8221;left&#8221; background_image_as_pattern=&#8221;without_pattern&#8221; css=&#8221;.vc_custom_1484068146148{margin-top: 30px !important;margin-bottom: 30px !important;}&#8221;][vc_column][vc_column_text]<strong>La filosof\u00eda de Est\u00e9tica Bel\u00e9n Alberca es sorprender<\/strong><\/p>\n<p>Creamos tendencias en el terreno de la est\u00e9tica. Gracias a nuestra capacidad global aunamos las tendencias m\u00e1s vanguardistas con la innovaci\u00f3n tecnol\u00f3gica y las terapias tradicionales de diferentes culturas.<\/p>\n<p>Nuestros tratamientos son la soluci\u00f3n a las distintas necesidades de la piel a trav\u00e9s de las herramientas m\u00e1s adecuadas y siempre desde el punto de vista de la excelencia.<\/p>\n<p>Nuestro objetivo es ofrecer la eficiencia de las mejores t\u00e9cnicas m\u00e9dico-est\u00e9ticas, y el bienestar de las experiencias de un <strong><em>SPA URBANO<\/em><\/strong>.<\/p>\n<p>[\/vc_column_text][vc_empty_space height=&#8221;15px&#8221;][\/vc_column][\/vc_row][vc_row css_animation=&#8221;&#8221; row_type=&#8221;row&#8221; use_row_as_full_screen_section=&#8221;no&#8221; type=&#8221;full_width&#8221; angled_section=&#8221;no&#8221; text_align=&#8221;left&#8221; background_image_as_pattern=&#8221;without_pattern&#8221; css=&#8221;.vc_custom_1484068917583{margin-bottom: 30px !important;}&#8221;][vc_column width=&#8221;1\/4&#8243;][vc_gallery type=&#8221;image_grid&#8221; images=&#8221;3156&#8243; img_size=&#8221;180&#215;180&#8243; column_number=&#8221;2&#8243; grayscale=&#8221;no&#8221; images_space=&#8221;gallery_without_space&#8221;][vc_column_text css=&#8221;.vc_custom_1484068666425{margin-top: 20px !important;}&#8221;]<\/p>\n<h4 class=\"margin-bottom10\"><strong><a href=\"\/tratamientos\/tratamientos-corporales\/\">Tratamientos Corporales<\/a><\/strong><\/h4>\n<p>Gran variedad de tratamientos corporales: Maxi-firm Body Citric.[\/vc_column_text][vc_empty_space height=&#8221;15px&#8221;]<a  itemprop=\"url\" href=\"\/tratamientos\/tratamientos-corporales\/\" target=\"_self\" data-hover-background-color=\"#00a4b0\" data-hover-border-color=\"#00a4b0\" data-hover-color=\"#ffffff\" class=\"qbutton  default\" style=\"color: #ffffff; border-color: #00c1cf; background-color:#00c1cf;\">Leer m\u00e1s<\/a>[\/vc_column][vc_column width=&#8221;1\/4&#8243;][vc_gallery type=&#8221;image_grid&#8221; images=&#8221;3157&#8243; img_size=&#8221;180&#215;180&#8243; column_number=&#8221;2&#8243; grayscale=&#8221;no&#8221; images_space=&#8221;gallery_without_space&#8221;][vc_column_text css=&#8221;.vc_custom_1484068671901{margin-top: 20px !important;}&#8221;]<\/p>\n<h4 class=\"margin-bottom10\"><strong><a href=\"\/tratamientos\/tratamientos-faciales\/\">Tratamientos Faciales<\/a><\/strong><\/h4>\n<p>Para el lujo supremo nada m\u00e1s exquisito que los tratamientos faciales de Natura Bisse.[\/vc_column_text][vc_empty_space height=&#8221;15px&#8221;]<a  itemprop=\"url\" href=\"\/tratamientos\/tratamientos-faciales\/\" target=\"_self\" data-hover-background-color=\"#00a4b0\" data-hover-border-color=\"#00a4b0\" data-hover-color=\"#ffffff\" class=\"qbutton  default\" style=\"color: #ffffff; border-color: #00c1cf; background-color:#00c1cf;\">Leer m\u00e1s<\/a>[\/vc_column][vc_column width=&#8221;1\/4&#8243;][vc_gallery type=&#8221;image_grid&#8221; images=&#8221;3158&#8243; img_size=&#8221;180&#215;180&#8243; column_number=&#8221;2&#8243; grayscale=&#8221;no&#8221; images_space=&#8221;gallery_without_space&#8221;][vc_column_text css=&#8221;.vc_custom_1484068678755{margin-top: 20px !important;}&#8221;]<\/p>\n<h4 class=\"margin-bottom10\"><strong><a href=\"\/tratamientos\/quiromasaje\/\">Quiromasaje<\/a><\/strong><\/h4>\n<p>Ofrecemos masajes localizados o generalizados que ayudan a eliminar tensiones y fatiga.[\/vc_column_text][vc_empty_space height=&#8221;15px&#8221;]<a  itemprop=\"url\" href=\"\/tratamientos\/quiromasaje\/\" target=\"_self\" data-hover-background-color=\"#00a4b0\" data-hover-border-color=\"#00a4b0\" data-hover-color=\"#ffffff\" class=\"qbutton  default\" style=\"color: #ffffff; border-color: #00c1cf; background-color:#00c1cf;\">Leer m\u00e1s<\/a>[\/vc_column][vc_column width=&#8221;1\/4&#8243;][vc_gallery type=&#8221;image_grid&#8221; images=&#8221;3164&#8243; img_size=&#8221;180&#215;180&#8243; column_number=&#8221;2&#8243; grayscale=&#8221;no&#8221; images_space=&#8221;gallery_without_space&#8221;][vc_column_text css=&#8221;.vc_custom_1484068684845{margin-top: 20px !important;}&#8221;]<\/p>\n<h4 class=\"margin-bottom10\"><strong><a href=\"\/tratamientos\/permanente-y-tinte-de-pestanas\/\">Permanente y tinte de pesta\u00f1as<\/a><\/strong><\/h4>\n<p>La permanente de pesta\u00f1as es una t\u00e9cnica que acent\u00faa la &#8230;[\/vc_column_text][vc_empty_space height=&#8221;15px&#8221;]<a  itemprop=\"url\" href=\"\/tratamientos\/permanente-y-tinte-de-pestanas\/\" target=\"_self\" data-hover-background-color=\"#00a4b0\" data-hover-border-color=\"#00a4b0\" data-hover-color=\"#ffffff\" class=\"qbutton  default\" style=\"color: #ffffff; border-color: #00c1cf; background-color:#00c1cf;\">Leer m\u00e1s<\/a>[\/vc_column][\/vc_row][vc_row css_animation=&#8221;&#8221; row_type=&#8221;row&#8221; use_row_as_full_screen_section=&#8221;no&#8221; type=&#8221;full_width&#8221; angled_section=&#8221;no&#8221; text_align=&#8221;left&#8221; background_image_as_pattern=&#8221;without_pattern&#8221; css=&#8221;.vc_custom_1484068924945{margin-bottom: 30px !important;}&#8221;][vc_column width=&#8221;1\/4&#8243;][vc_gallery type=&#8221;image_grid&#8221; images=&#8221;3160&#8243; img_size=&#8221;180&#215;180&#8243; column_number=&#8221;2&#8243; grayscale=&#8221;no&#8221; images_space=&#8221;gallery_without_space&#8221;][vc_column_text css=&#8221;.vc_custom_1484068691929{margin-top: 20px !important;}&#8221;]<\/p>\n<h4 class=\"margin-bottom10\"><strong><a href=\"\/tratamientos\/pedicura-manicura\/\">Pedicura-Manicura<\/a><\/strong><\/h4>\n<p>Tratamiento SPA \u2013 manos y pies, esmaltado permanente con SHELLAC, \u2026[\/vc_column_text][vc_empty_space height=&#8221;15px&#8221;]<a  itemprop=\"url\" href=\"\/tratamientos\/pedicura-manicura\/\" target=\"_self\" data-hover-background-color=\"#00a4b0\" data-hover-border-color=\"#00a4b0\" data-hover-color=\"#ffffff\" class=\"qbutton  default\" style=\"color: #ffffff; border-color: #00c1cf; background-color:#00c1cf;\">Leer m\u00e1s<\/a>[\/vc_column][vc_column width=&#8221;1\/4&#8243;][vc_gallery type=&#8221;image_grid&#8221; images=&#8221;3165&#8243; img_size=&#8221;180&#215;180&#8243; column_number=&#8221;2&#8243; grayscale=&#8221;no&#8221; images_space=&#8221;gallery_without_space&#8221;][vc_column_text css=&#8221;.vc_custom_1484068697672{margin-top: 20px !important;}&#8221;]<\/p>\n<h4 class=\"margin-bottom10\"><strong><a href=\"\/tratamientos\/pestanas-postizas\/\">Pesta\u00f1as postizas<\/a><\/strong><\/h4>\n<p>Dentro de nuestros tratamientos, te ofrecemos el tratamiento de pesta\u00f1as\u2026[\/vc_column_text][vc_empty_space height=&#8221;15px&#8221;]<a  itemprop=\"url\" href=\"\/tratamientos\/pestanas-postizas\/\" target=\"_self\" data-hover-background-color=\"#00a4b0\" data-hover-border-color=\"#00a4b0\" data-hover-color=\"#ffffff\" class=\"qbutton  default\" style=\"color: #ffffff; border-color: #00c1cf; background-color:#00c1cf;\">Leer m\u00e1s<\/a>[\/vc_column][vc_column width=&#8221;1\/4&#8243;][vc_gallery type=&#8221;image_grid&#8221; images=&#8221;3162&#8243; img_size=&#8221;180&#215;180&#8243; column_number=&#8221;2&#8243; grayscale=&#8221;no&#8221; images_space=&#8221;gallery_without_space&#8221;][vc_column_text css=&#8221;.vc_custom_1484068703610{margin-top: 20px !important;}&#8221;]<\/p>\n<h4 class=\"margin-bottom10\"><strong><a href=\"\/tratamientos\/maquillaje\/\">Maquillaje<\/a><\/strong><\/h4>\n<p>Todo en maquillaje, de d\u00eda, de noche, maquillaje de novia, curso de\u2026[\/vc_column_text][vc_empty_space height=&#8221;15px&#8221;]<a  itemprop=\"url\" href=\"\/tratamientos\/maquillaje\/\" target=\"_self\" data-hover-background-color=\"#00a4b0\" data-hover-border-color=\"#00a4b0\" data-hover-color=\"#ffffff\" class=\"qbutton  default\" style=\"color: #ffffff; border-color: #00c1cf; background-color:#00c1cf;\">Leer m\u00e1s<\/a>[\/vc_column][vc_column width=&#8221;1\/4&#8243;][vc_gallery type=&#8221;image_grid&#8221; images=&#8221;3163&#8243; img_size=&#8221;180&#215;180&#8243; column_number=&#8221;2&#8243; grayscale=&#8221;no&#8221; images_space=&#8221;gallery_without_space&#8221;][vc_column_text css=&#8221;.vc_custom_1484068709868{margin-top: 20px !important;}&#8221;]<\/p>\n<h4 class=\"margin-bottom10\"><strong><a href=\"\/tratamientos\/depilacion\/\">Depilaci\u00f3n<\/a><\/strong><\/h4>\n<p>Depilaci\u00f3n Luz Pulsada, depilaci\u00f3n con cera caliente o cera fr\u00eda\/tibia.[\/vc_column_text][vc_empty_space height=&#8221;15px&#8221;]<a  itemprop=\"url\" href=\"\/tratamientos\/depilacion\/\" target=\"_self\" data-hover-background-color=\"#00a4b0\" data-hover-border-color=\"#00a4b0\" data-hover-color=\"#ffffff\" class=\"qbutton  default\" style=\"color: #ffffff; border-color: #00c1cf; background-color:#00c1cf;\">Leer m\u00e1s<\/a>[\/vc_column][\/vc_row]<\/p>\n<\/div>","protected":false},"excerpt":{"rendered":"<p>[vc_row css_animation=&#8221;&#8221; row_type=&#8221;row&#8221; use_row_as_full_screen_section=&#8221;no&#8221; type=&#8221;full_width&#8221; angled_section=&#8221;no&#8221; text_align=&#8221;left&#8221; background_image_as_pattern=&#8221;without_pattern&#8221;][vc_column][vc_column_text] VAMOS M\u00c1S ALL\u00c1 DE LO QUE EST\u00c1S ESPERANDO [\/vc_column_text][vc_empty_space height=&#8221;5px&#8221;][\/vc_column][\/vc_row][vc_row css_animation=&#8221;&#8221; row_type=&#8221;row&#8221; use_row_as_full_screen_section=&#8221;no&#8221; type=&#8221;full_width&#8221; angled_section=&#8221;no&#8221; text_align=&#8221;left&#8221; background_image_as_pattern=&#8221;without_pattern&#8221; css=&#8221;.vc_custom_1484068146148{margin-top: 30px !important;margin-bottom: 30px !important;}&#8221;][vc_column][vc_column_text]La filosof\u00eda de Est\u00e9tica Bel\u00e9n Alberca es sorprender Creamos tendencias en el terreno de la est\u00e9tica&#8230;.<\/p>\n","protected":false},"author":11,"featured_media":0,"parent":0,"menu_order":0,"comment_status":"closed","ping_status":"closed","template":"","meta":{"footnotes":""},"class_list":["post-2141","page","type-page","status-publish","hentry"],"_links":{"self":[{"href":"https:\/\/blog.cofan.es\/esteticabelenalberca\/wp-json\/wp\/v2\/pages\/2141","targetHints":{"allow":["GET"]}}],"collection":[{"href":"https:\/\/blog.cofan.es\/esteticabelenalberca\/wp-json\/wp\/v2\/pages"}],"about":[{"href":"https:\/\/blog.cofan.es\/esteticabelenalberca\/wp-json\/wp\/v2\/types\/page"}],"author":[{"embeddable":true,"href":"https:\/\/blog.cofan.es\/esteticabelenalberca\/wp-json\/wp\/v2\/users\/11"}],"replies":[{"embeddable":true,"href":"https:\/\/blog.cofan.es\/esteticabelenalberca\/wp-json\/wp\/v2\/comments?post=2141"}],"version-history":[{"count":18,"href":"https:\/\/blog.cofan.es\/esteticabelenalberca\/wp-json\/wp\/v2\/pages\/2141\/revisions"}],"predecessor-version":[{"id":3552,"href":"https:\/\/blog.cofan.es\/esteticabelenalberca\/wp-json\/wp\/v2\/pages\/2141\/revisions\/3552"}],"wp:attachment":[{"href":"https:\/\/blog.cofan.es\/esteticabelenalberca\/wp-json\/wp\/v2\/media?parent=2141"}],"curies":[{"name":"wp","href":"https:\/\/api.w.org\/{rel}","templated":true}]}}