{"id":101,"date":"2011-07-14T19:45:42","date_gmt":"2011-07-14T19:45:42","guid":{"rendered":"http:\/\/192.168.9.29\/Development\/TB\/?page_id=7"},"modified":"2022-12-27T16:29:25","modified_gmt":"2022-12-27T16:29:25","slug":"servicios","status":"publish","type":"page","link":"https:\/\/blog.cofan.es\/esteticabelenalberca\/servicios\/","title":{"rendered":"Servicios"},"content":{"rendered":"<div class=\"wpb-content-wrapper\"><p>[vc_row css_animation=&#8221;&#8221; row_type=&#8221;row&#8221; use_row_as_full_screen_section=&#8221;no&#8221; type=&#8221;grid&#8221; angled_section=&#8221;no&#8221; text_align=&#8221;left&#8221; background_image_as_pattern=&#8221;without_pattern&#8221; css=&#8221;.vc_custom_1484069108990{margin-top: 30px !important;}&#8221;][vc_column][vc_column_text]<\/p>\n<h4 class=\"title-subsections\">MERECES SENTIRTE BIEN, REFLEJAR LO QUE ERES Y C\u00d3MO ERES<\/h4>\n<hr \/>\n<p>[\/vc_column_text][vc_empty_space height=&#8221;5px&#8221;][\/vc_column][\/vc_row][vc_row css_animation=&#8221;&#8221; row_type=&#8221;row&#8221; use_row_as_full_screen_section=&#8221;no&#8221; type=&#8221;grid&#8221; angled_section=&#8221;no&#8221; text_align=&#8221;left&#8221; background_image_as_pattern=&#8221;without_pattern&#8221; css=&#8221;.vc_custom_1484069117047{margin-top: 20px !important;}&#8221;][vc_column][vc_column_text]Para poder llevar a cabo cada tratamiento el <b>Centro de Est\u00e9tica Bel\u00e9n Alberca<\/b> dispone de los \u00faltimos avances tecnol\u00f3gicos en tratamientos m\u00e9dicos y est\u00e9ticos.<\/p>\n<p>Garantizamos profesionalidad y calidad en la ejecuci\u00f3n de los mismos, gracias a la continua formaci\u00f3n del personal que realiza dichos tratamientos y a la calidad de los productos utilizados en los mismos.[\/vc_column_text][vc_empty_space height=&#8221;10px&#8221;][\/vc_column][\/vc_row][vc_row css_animation=&#8221;&#8221; row_type=&#8221;row&#8221; use_row_as_full_screen_section=&#8221;no&#8221; type=&#8221;full_width&#8221; angled_section=&#8221;no&#8221; text_align=&#8221;left&#8221; background_image_as_pattern=&#8221;without_pattern&#8221; top_padding=&#8221;20&#8243; bottom_padding=&#8221;20&#8243; css=&#8221;.vc_custom_1484069014344{margin-top: 30px !important;margin-bottom: 30px !important;background: #f6f6f6 url(\/wp-content\/uploads\/sites\/120\/2011\/07\/bg-servicios-4.png?id=3347) !important;}&#8221;][vc_column][vc_row_inner row_type=&#8221;row&#8221; type=&#8221;grid&#8221; text_align=&#8221;left&#8221; css_animation=&#8221;&#8221; css=&#8221;.vc_custom_1484069303795{padding-top: 30px !important;}&#8221;][vc_column_inner width=&#8221;1\/2&#8243;][vc_column_text]<\/p>\n<h4>Asesor\u00eda de belleza<\/h4>\n<hr \/>\n<p>[\/vc_column_text][vc_empty_space height=&#8221;10px&#8221;][vc_column_text]<strong>\u00a1S\u00c1CATE EL M\u00c1XIMO PARTIDO!<\/strong><\/p>\n<p>A trav\u00e9s de un estudio personalizado realizado por las especialistas de Centro de Est\u00e9tica Bel\u00e9n Alberca, os informaremos de los tratamientos ideales para potenciar tu belleza, corregir imperfecciones y mejorar tus h\u00e1bitos de salud y cuidado personal.[\/vc_column_text][vc_empty_space height=&#8221;10px&#8221;][\/vc_column_inner][vc_column_inner width=&#8221;1\/2&#8243;][vc_column_text]<\/p>\n<h4>Diagnosis de la piel<\/h4>\n<hr \/>\n<p>[\/vc_column_text][vc_empty_space height=&#8221;10px&#8221;][vc_column_text]<strong>Diagn\u00f3sis de la piel<\/strong><\/p>\n<p>Previamente a la realizaci\u00f3n de un tratamiento facial se debe realizar un diagn\u00f3stico para comprobar las necesidades de nuestra piel.<\/p>\n<p><b>SERVICIO GRATUITO<\/b>[\/vc_column_text][vc_empty_space height=&#8221;10px&#8221;][\/vc_column_inner][\/vc_row_inner][vc_row_inner row_type=&#8221;row&#8221; type=&#8221;grid&#8221; text_align=&#8221;left&#8221; css_animation=&#8221;&#8221; css=&#8221;.vc_custom_1484069381423{margin-top: 30px !important;}&#8221;][vc_column_inner][vc_column_text]<\/p>\n<h4>Masterclass de natura bisse<\/h4>\n<hr \/>\n<p>[\/vc_column_text][\/vc_column_inner][\/vc_row_inner][vc_empty_space height=&#8221;10px&#8221;][vc_row_inner row_type=&#8221;row&#8221; type=&#8221;grid&#8221; text_align=&#8221;left&#8221; css_animation=&#8221;&#8221;][vc_column_inner][vc_column_text]<strong>Masterclass de Natura Bisse<\/strong><\/p>\n<div class=\"list styled custom-list\">\n<p>En Centro de Est\u00e9tica Bel\u00e9n Alberca te proponemos la forma m\u00e1s divertida de aprender a cuidar tu piel: la Masterclass de Natura Biss\u00e9. Pasa una tarde diferente con tus amig@s mientras aprend\u00e9is todas juntas las mejores rutinas de belleza personalizadas.<\/p>\n<p>Es un concepto de Beauty Party con el que vivir\u00e9is una experiencia did\u00e1ctica y l\u00fadica, mientras descubr\u00eds qu\u00e9 productos de Natura Biss\u00e9 son los m\u00e1s adecuados para vuestra piel, as\u00ed como la forma m\u00e1s correcta de aplicarlos.<\/p>\n<p>La Masterclass de Natura Biss\u00e9 se realiza sentadas alrededor de una mesa y con un kit de limpieza para cada una, mientras os explicamos paso a paso como mimar vuestra piel. Adem\u00e1s, aprender\u00e9is los trucos m\u00e1s pr\u00e1cticos para sacar el mayor partido a tu ritual diario de belleza.<\/p>\n<p>En grupos a partir de 4 personas, la Masterclass de Natura Biss\u00e9 se convierte en el plan ideal para una despedida de soltera, un regalo de cumplea\u00f1os especial o simplemente una tarde diferente con tus compa\u00f1eras de trabajo.<\/p>\n<\/div>\n<p>[\/vc_column_text][vc_empty_space height=&#8221;10px&#8221;][\/vc_column_inner][\/vc_row_inner][\/vc_column][\/vc_row][vc_row css_animation=&#8221;&#8221; row_type=&#8221;row&#8221; use_row_as_full_screen_section=&#8221;no&#8221; type=&#8221;grid&#8221; angled_section=&#8221;no&#8221; text_align=&#8221;left&#8221; background_image_as_pattern=&#8221;without_pattern&#8221; top_padding=&#8221;30&#8243; bottom_padding=&#8221;30&#8243; css=&#8221;.vc_custom_1484069754721{margin-bottom: 30px !important;padding-top: 30px !important;padding-bottom: 30px !important;background-color: #f6f6f6 !important;}&#8221;][vc_column][vc_column_text]<\/p>\n<h4>Solicita informaci\u00f3n sin compromiso<\/h4>\n<p>[\/vc_column_text][vc_empty_space height=&#8221;10px&#8221;]<a  itemprop=\"url\" href=\"\/contacto\/\" target=\"_self\"  class=\"qbutton  default\" style=\"\">Solicitar<\/a>[\/vc_column][\/vc_row]<\/p>\n<\/div>","protected":false},"excerpt":{"rendered":"<p>[vc_row css_animation=&#8221;&#8221; row_type=&#8221;row&#8221; use_row_as_full_screen_section=&#8221;no&#8221; type=&#8221;grid&#8221; angled_section=&#8221;no&#8221; text_align=&#8221;left&#8221; background_image_as_pattern=&#8221;without_pattern&#8221; css=&#8221;.vc_custom_1484069108990{margin-top: 30px !important;}&#8221;][vc_column][vc_column_text] MERECES SENTIRTE BIEN, REFLEJAR LO QUE ERES Y C\u00d3MO ERES [\/vc_column_text][vc_empty_space height=&#8221;5px&#8221;][\/vc_column][\/vc_row][vc_row css_animation=&#8221;&#8221; row_type=&#8221;row&#8221; use_row_as_full_screen_section=&#8221;no&#8221; type=&#8221;grid&#8221; angled_section=&#8221;no&#8221; text_align=&#8221;left&#8221; background_image_as_pattern=&#8221;without_pattern&#8221; css=&#8221;.vc_custom_1484069117047{margin-top: 20px !important;}&#8221;][vc_column][vc_column_text]Para poder llevar a cabo cada tratamiento el Centro de Est\u00e9tica Bel\u00e9n Alberca&#8230;<\/p>\n","protected":false},"author":12,"featured_media":0,"parent":0,"menu_order":1,"comment_status":"closed","ping_status":"closed","template":"full_width.php","meta":{"footnotes":""},"class_list":["post-101","page","type-page","status-publish","hentry"],"_links":{"self":[{"href":"https:\/\/blog.cofan.es\/esteticabelenalberca\/wp-json\/wp\/v2\/pages\/101","targetHints":{"allow":["GET"]}}],"collection":[{"href":"https:\/\/blog.cofan.es\/esteticabelenalberca\/wp-json\/wp\/v2\/pages"}],"about":[{"href":"https:\/\/blog.cofan.es\/esteticabelenalberca\/wp-json\/wp\/v2\/types\/page"}],"author":[{"embeddable":true,"href":"https:\/\/blog.cofan.es\/esteticabelenalberca\/wp-json\/wp\/v2\/users\/12"}],"replies":[{"embeddable":true,"href":"https:\/\/blog.cofan.es\/esteticabelenalberca\/wp-json\/wp\/v2\/comments?post=101"}],"version-history":[{"count":20,"href":"https:\/\/blog.cofan.es\/esteticabelenalberca\/wp-json\/wp\/v2\/pages\/101\/revisions"}],"predecessor-version":[{"id":3916,"href":"https:\/\/blog.cofan.es\/esteticabelenalberca\/wp-json\/wp\/v2\/pages\/101\/revisions\/3916"}],"wp:attachment":[{"href":"https:\/\/blog.cofan.es\/esteticabelenalberca\/wp-json\/wp\/v2\/media?parent=101"}],"curies":[{"name":"wp","href":"https:\/\/api.w.org\/{rel}","templated":true}]}}