{"id":192,"date":"2013-03-21T15:19:29","date_gmt":"2013-03-21T15:19:29","guid":{"rendered":"http:\/\/blog.cofan.es\/almaconlaestrella-es\/?page_id=192"},"modified":"2021-07-12T11:00:26","modified_gmt":"2021-07-12T11:00:26","slug":"material-de-seguridad","status":"publish","type":"page","link":"https:\/\/blog.cofan.es\/almaconlaestrella\/material-de-seguridad\/","title":{"rendered":"Material de seguridad"},"content":{"rendered":"<div class=\"wpb-content-wrapper\"><p>[vc_row css_animation=&#8221;&#8221; row_type=&#8221;row&#8221; use_row_as_full_screen_section=&#8221;no&#8221; type=&#8221;full_width&#8221; angled_section=&#8221;no&#8221; text_align=&#8221;left&#8221; background_image_as_pattern=&#8221;without_pattern&#8221;][vc_column][vc_column_text]<\/p>\n<p style=\"text-align: center;\"><img loading=\"lazy\" decoding=\"async\" class=\"alignnone size-full wp-image-410\" src=\"\/wp-content\/uploads\/sites\/108\/2012\/03\/background-segurid.jpg\" alt=\"background-segurid\" width=\"314\" height=\"46\" srcset=\"https:\/\/blog.cofan.es\/almaconlaestrella\/wp-content\/uploads\/sites\/108\/2012\/03\/background-segurid.jpg 314w, https:\/\/blog.cofan.es\/almaconlaestrella\/wp-content\/uploads\/sites\/108\/2012\/03\/background-segurid-300x44.jpg 300w\" sizes=\"auto, (max-width: 314px) 100vw, 314px\" \/><\/p>\n<p>[\/vc_column_text][vc_row_inner row_type=&#8221;row&#8221; type=&#8221;full_width&#8221; text_align=&#8221;left&#8221; css_animation=&#8221;&#8221;][vc_column_inner width=&#8221;2\/3&#8243;][vc_column_text css=&#8221;.vc_custom_1482165956031{padding-top: 20px !important;}&#8221;]<span style=\"color: #000000;\">Comodidad, estilo, y sobre todo, seguridad en el trabajo.<\/span><\/p>\n<p><span style=\"color: #000000;\"><strong>Almacon la estrella<\/strong> te protege con todo tipo de accesorios de seguridad y una amplia gama de vestuario y calzado adapt\u00e1ndonos a las necesidades y gustos de cada cliente.<\/span><\/p>\n<p><span style=\"color: #000000;\">Tambi\u00e9n contamos con un gran cat\u00e1logo de carteler\u00eda y accesorios de se\u00f1alizaci\u00f3n<\/span>[\/vc_column_text][\/vc_column_inner][vc_column_inner width=&#8221;1\/3&#8243;][vc_single_image image=&#8221;797&#8243; img_size=&#8221;large&#8221; qode_css_animation=&#8221;&#8221;][\/vc_column_inner][\/vc_row_inner][\/vc_column][\/vc_row]<\/p>\n<\/div>","protected":false},"excerpt":{"rendered":"<p>[vc_row css_animation=&#8221;&#8221; row_type=&#8221;row&#8221; use_row_as_full_screen_section=&#8221;no&#8221; type=&#8221;full_width&#8221; angled_section=&#8221;no&#8221; text_align=&#8221;left&#8221; background_image_as_pattern=&#8221;without_pattern&#8221;][vc_column][vc_column_text] [\/vc_column_text][vc_row_inner row_type=&#8221;row&#8221; type=&#8221;full_width&#8221; text_align=&#8221;left&#8221; css_animation=&#8221;&#8221;][vc_column_inner width=&#8221;2\/3&#8243;][vc_column_text css=&#8221;.vc_custom_1482165956031{padding-top: 20px !important;}&#8221;]Comodidad, estilo, y sobre todo, seguridad en el trabajo. Almacon la estrella te protege con todo tipo de accesorios de seguridad y una amplia gama de vestuario y calzado&#8230;<\/p>\n","protected":false},"author":1,"featured_media":0,"parent":0,"menu_order":0,"comment_status":"closed","ping_status":"closed","template":"","meta":{"footnotes":""},"class_list":["post-192","page","type-page","status-publish","hentry"],"_links":{"self":[{"href":"https:\/\/blog.cofan.es\/almaconlaestrella\/wp-json\/wp\/v2\/pages\/192","targetHints":{"allow":["GET"]}}],"collection":[{"href":"https:\/\/blog.cofan.es\/almaconlaestrella\/wp-json\/wp\/v2\/pages"}],"about":[{"href":"https:\/\/blog.cofan.es\/almaconlaestrella\/wp-json\/wp\/v2\/types\/page"}],"author":[{"embeddable":true,"href":"https:\/\/blog.cofan.es\/almaconlaestrella\/wp-json\/wp\/v2\/users\/1"}],"replies":[{"embeddable":true,"href":"https:\/\/blog.cofan.es\/almaconlaestrella\/wp-json\/wp\/v2\/comments?post=192"}],"version-history":[{"count":4,"href":"https:\/\/blog.cofan.es\/almaconlaestrella\/wp-json\/wp\/v2\/pages\/192\/revisions"}],"predecessor-version":[{"id":798,"href":"https:\/\/blog.cofan.es\/almaconlaestrella\/wp-json\/wp\/v2\/pages\/192\/revisions\/798"}],"wp:attachment":[{"href":"https:\/\/blog.cofan.es\/almaconlaestrella\/wp-json\/wp\/v2\/media?parent=192"}],"curies":[{"name":"wp","href":"https:\/\/api.w.org\/{rel}","templated":true}]}}